CRAN Package Check Results for Package cofeatureR

Last updated on 2019-06-17 07:48:48 CEST.

Flavor Version Tinstall Tcheck Ttotal Status Flags
r-devel-linux-x86_64-debian-clang 1.1.1 1.69 19.21 20.90 OK
r-devel-linux-x86_64-debian-gcc 1.1.1 1.39 15.69 17.08 OK
r-devel-linux-x86_64-fedora-clang 1.1.1 25.66 NOTE
r-devel-linux-x86_64-fedora-gcc 1.1.1 24.33 NOTE
r-devel-windows-ix86+x86_64 1.1.1 8.00 33.00 41.00 OK
r-patched-linux-x86_64 1.1.1 1.75 19.37 21.12 OK
r-patched-solaris-x86 1.1.1 40.90 NOTE
r-release-linux-x86_64 1.1.1 1.66 19.20 20.86 OK
r-release-windows-ix86+x86_64 1.1.1 4.00 43.00 47.00 OK
r-release-osx-x86_64 1.1.1 NOTE
r-oldrel-windows-ix86+x86_64 1.1.1 3.00 45.00 48.00 OK
r-oldrel-osx-x86_64 1.1.1 NOTE

Check Details

Version: 1.1.1
Check: dependencies in R code
Result: NOTE
    Namespace in Imports field not imported from: ‘tibble’
     All declared Imports should be used.
Flavors: r-devel-linux-x86_64-fedora-clang, r-devel-linux-x86_64-fedora-gcc, r-patched-solaris-x86, r-release-osx-x86_64, r-oldrel-osx-x86_64