CRAN Package Check Results for Package cofeatureR

Last updated on 2019-08-18 07:48:47 CEST.

Flavor Version Tinstall Tcheck Ttotal Status Flags
r-devel-linux-x86_64-debian-clang 1.1.1 1.88 19.61 21.49 OK
r-devel-linux-x86_64-debian-gcc 1.1.1 1.80 15.69 17.49 OK
r-devel-linux-x86_64-fedora-clang 1.1.1 27.83 NOTE
r-devel-linux-x86_64-fedora-gcc 1.1.1 24.76 NOTE
r-devel-windows-ix86+x86_64 1.1.1 6.00 47.00 53.00 OK
r-patched-linux-x86_64 1.1.1 1.58 19.45 21.03 OK
r-patched-solaris-x86 1.1.1 42.00 NOTE
r-release-linux-x86_64 1.1.1 1.66 19.44 21.10 OK
r-release-windows-ix86+x86_64 1.1.1 4.00 31.00 35.00 OK
r-release-osx-x86_64 1.1.1 NOTE
r-oldrel-windows-ix86+x86_64 1.1.1 5.00 45.00 50.00 OK
r-oldrel-osx-x86_64 1.1.1 NOTE

Check Details

Version: 1.1.1
Check: dependencies in R code
Result: NOTE
    Namespace in Imports field not imported from: ‘tibble’
     All declared Imports should be used.
Flavors: r-devel-linux-x86_64-fedora-clang, r-devel-linux-x86_64-fedora-gcc, r-patched-solaris-x86, r-release-osx-x86_64, r-oldrel-osx-x86_64