CRAN Package Check Results for Package cocron

Last updated on 2019-09-22 19:51:16 CEST.

Flavor Version Tinstall Tcheck Ttotal Status Flags
r-devel-linux-x86_64-debian-clang 1.0-1 2.19 22.85 25.04 NOTE
r-devel-linux-x86_64-debian-gcc 1.0-1 2.04 18.81 20.85 NOTE
r-devel-linux-x86_64-fedora-clang 1.0-1 32.22 NOTE
r-devel-linux-x86_64-fedora-gcc 1.0-1 31.24 NOTE
r-devel-windows-ix86+x86_64 1.0-1 7.00 32.00 39.00 NOTE
r-patched-linux-x86_64 1.0-1 1.93 22.82 24.75 NOTE
r-patched-solaris-x86 1.0-1 51.10 NOTE
r-release-linux-x86_64 1.0-1 2.01 22.85 24.86 NOTE
r-release-windows-ix86+x86_64 1.0-1 9.00 53.00 62.00 NOTE
r-release-osx-x86_64 1.0-1 NOTE
r-oldrel-windows-ix86+x86_64 1.0-1 4.00 37.00 41.00 NOTE
r-oldrel-osx-x86_64 1.0-1 NOTE

Check Details

Version: 1.0-1
Check: package dependencies
Result: NOTE
    Package which this enhances but not available for checking: 'rkward'
Flavors: r-devel-linux-x86_64-debian-clang, r-devel-linux-x86_64-debian-gcc, r-devel-linux-x86_64-fedora-clang, r-devel-linux-x86_64-fedora-gcc, r-devel-windows-ix86+x86_64, r-patched-linux-x86_64, r-patched-solaris-x86, r-release-linux-x86_64, r-release-windows-ix86+x86_64, r-release-osx-x86_64, r-oldrel-windows-ix86+x86_64, r-oldrel-osx-x86_64