CRAN Package Check Results for Package cocron

Last updated on 2019-06-20 05:48:20 CEST.

Flavor Version Tinstall Tcheck Ttotal Status Flags
r-devel-linux-x86_64-debian-clang 1.0-1 2.47 23.27 25.74 NOTE
r-devel-linux-x86_64-debian-gcc 1.0-1 1.70 19.17 20.87 NOTE
r-devel-linux-x86_64-fedora-clang 1.0-1 31.50 NOTE
r-devel-linux-x86_64-fedora-gcc 1.0-1 30.51 NOTE
r-devel-windows-ix86+x86_64 1.0-1 8.00 44.00 52.00 NOTE
r-patched-linux-x86_64 1.0-1 1.99 23.41 25.40 NOTE
r-patched-solaris-x86 1.0-1 49.80 NOTE
r-release-linux-x86_64 1.0-1 2.21 23.31 25.52 NOTE
r-release-windows-ix86+x86_64 1.0-1 8.00 54.00 62.00 NOTE
r-release-osx-x86_64 1.0-1 NOTE
r-oldrel-windows-ix86+x86_64 1.0-1 3.00 46.00 49.00 NOTE
r-oldrel-osx-x86_64 1.0-1 NOTE

Check Details

Version: 1.0-1
Check: package dependencies
Result: NOTE
    Package which this enhances but not available for checking: 'rkward'
Flavors: r-devel-linux-x86_64-debian-clang, r-devel-linux-x86_64-debian-gcc, r-devel-linux-x86_64-fedora-clang, r-devel-linux-x86_64-fedora-gcc, r-devel-windows-ix86+x86_64, r-patched-linux-x86_64, r-patched-solaris-x86, r-release-linux-x86_64, r-release-windows-ix86+x86_64, r-release-osx-x86_64, r-oldrel-windows-ix86+x86_64, r-oldrel-osx-x86_64