Last updated on 2025-01-22 08:49:08 CET.
Flavor | Version | Tinstall | Tcheck | Ttotal | Status | Flags |
---|---|---|---|---|---|---|
r-devel-linux-x86_64-debian-clang | 0.1.0 | 198.52 | 1269.45 | 1467.97 | OK | |
r-devel-linux-x86_64-debian-gcc | 0.1.0 | 163.49 | 873.85 | 1037.34 | OK | |
r-devel-linux-x86_64-fedora-clang | 0.1.0 | 970.64 | OK | |||
r-devel-linux-x86_64-fedora-gcc | 0.1.0 | 1226.30 | OK | |||
r-devel-windows-x86_64 | 0.1.0 | 185.00 | 733.00 | 918.00 | OK | |
r-patched-linux-x86_64 | 0.1.0 | 215.44 | 1304.74 | 1520.18 | OK | |
r-release-linux-x86_64 | 0.1.0 | 222.73 | 1312.21 | 1534.94 | OK | |
r-release-macos-arm64 | 0.1.0 | 309.00 | NOTE | |||
r-release-macos-x86_64 | 0.1.0 | 485.00 | NOTE | |||
r-release-windows-x86_64 | 0.1.0 | 173.00 | 744.00 | 917.00 | OK | |
r-oldrel-macos-arm64 | 0.1.0 | 293.00 | NOTE | |||
r-oldrel-macos-x86_64 | 0.1.0 | 523.00 | NOTE | |||
r-oldrel-windows-x86_64 | 0.1.0 | 235.00 | 751.00 | 986.00 | OK |
Version: 0.1.0
Check: installed package size
Result: NOTE
installed size is 84.4Mb
sub-directories of 1Mb or more:
libs 83.9Mb
Flavors: r-release-macos-arm64, r-release-macos-x86_64, r-oldrel-macos-arm64, r-oldrel-macos-x86_64