CRAN Package Check Results for Package cenROC

Last updated on 2025-06-18 00:49:44 CEST.

Flavor Version Tinstall Tcheck Ttotal Status Flags
r-devel-linux-x86_64-debian-clang 2.0.0 49.14 72.55 121.69 OK
r-devel-linux-x86_64-debian-gcc 2.0.0 36.77 56.72 93.49 OK
r-devel-linux-x86_64-fedora-clang 2.0.0 194.19 OK
r-devel-linux-x86_64-fedora-gcc 2.0.0 198.38 OK
r-devel-windows-x86_64 2.0.0 54.00 107.00 161.00 OK
r-patched-linux-x86_64 2.0.0 50.28 73.08 123.36 OK
r-release-linux-x86_64 2.0.0 49.22 72.41 121.63 OK
r-release-macos-arm64 2.0.0 57.00 OK
r-release-macos-x86_64 2.0.0 108.00 OK
r-release-windows-x86_64 2.0.0 53.00 110.00 163.00 OK
r-oldrel-macos-arm64 2.0.0 50.00 NOTE
r-oldrel-macos-x86_64 2.0.0 77.00 NOTE
r-oldrel-windows-x86_64 2.0.0 62.00 132.00 194.00 OK

Check Details

Version: 2.0.0
Check: installed package size
Result: NOTE installed size is 17.5Mb sub-directories of 1Mb or more: libs 17.3Mb Flavors: r-oldrel-macos-arm64, r-oldrel-macos-x86_64