CRAN Package Check Results for Package calpassapi

Last updated on 2025-04-22 23:49:33 CEST.

Flavor Version Tinstall Tcheck Ttotal Status Flags
r-devel-linux-x86_64-debian-clang 0.0.3 4.24 37.41 41.65 OK
r-devel-linux-x86_64-debian-gcc 0.0.3 2.88 27.33 30.21 OK
r-devel-linux-x86_64-fedora-clang 0.0.3 65.87 OK
r-devel-linux-x86_64-fedora-gcc 0.0.3 74.50 OK
r-devel-windows-x86_64 0.0.3 6.00 54.00 60.00 OK
r-patched-linux-x86_64 0.0.3 4.36 34.69 39.05 OK
r-release-linux-x86_64 0.0.3 3.75 34.93 38.68 OK
r-release-macos-arm64 0.0.3 37.00 OK
r-release-macos-x86_64 0.0.3 57.00 OK
r-release-windows-x86_64 0.0.3 6.00 53.00 59.00 OK
r-oldrel-macos-arm64 0.0.3 29.00 NOTE
r-oldrel-macos-x86_64 0.0.3 49.00 NOTE
r-oldrel-windows-x86_64 0.0.3 8.00 61.00 69.00 NOTE

Check Details

Version: 0.0.3
Check: LazyData
Result: NOTE 'LazyData' is specified without a 'data' directory Flavors: r-oldrel-macos-arm64, r-oldrel-macos-x86_64, r-oldrel-windows-x86_64