CRAN Package Check Results for Package cabootcrs

Last updated on 2019-09-22 19:51:16 CEST.

Flavor Version Tinstall Tcheck Ttotal Status Flags
r-devel-linux-x86_64-debian-clang 1.0 3.59 39.06 42.65 NOTE
r-devel-linux-x86_64-debian-gcc 1.0 2.70 30.45 33.15 NOTE
r-devel-linux-x86_64-fedora-clang 1.0 49.43 NOTE
r-devel-linux-x86_64-fedora-gcc 1.0 49.00 NOTE
r-devel-windows-ix86+x86_64 1.0 9.00 63.00 72.00 NOTE
r-patched-linux-x86_64 1.0 3.38 38.11 41.49 NOTE
r-patched-solaris-x86 1.0 72.10 NOTE
r-release-linux-x86_64 1.0 3.39 39.25 42.64 NOTE
r-release-windows-ix86+x86_64 1.0 5.00 70.00 75.00 NOTE
r-release-osx-x86_64 1.0 NOTE
r-oldrel-windows-ix86+x86_64 1.0 4.00 45.00 49.00 NOTE
r-oldrel-osx-x86_64 1.0 NOTE

Check Details

Version: 1.0
Check: DESCRIPTION meta-information
Result: NOTE
    Malformed Title field: should not end in a period.
Flavors: r-devel-linux-x86_64-debian-clang, r-devel-linux-x86_64-debian-gcc, r-devel-linux-x86_64-fedora-clang, r-devel-linux-x86_64-fedora-gcc, r-devel-windows-ix86+x86_64, r-patched-linux-x86_64, r-patched-solaris-x86, r-release-linux-x86_64, r-release-windows-ix86+x86_64, r-release-osx-x86_64, r-oldrel-windows-ix86+x86_64, r-oldrel-osx-x86_64

Version: 1.0
Check: R code for possible problems
Result: NOTE
    cabootcrs: no visible global function definition for 'read.table'
    cabootcrs: no visible global function definition for 'rmultinom'
    cabootcrs: no visible global function definition for 'rpois'
    plotca : plotonepic: no visible global function definition for 'qchisq'
    plotca : plotonepic: no visible global function definition for
     'dev.new'
    plotca : plotonepic: no visible global function definition for 'plot'
    plotca : plotonepic: no visible global function definition for 'points'
    plotca : plotonepic: no visible global function definition for 'abline'
    plotca : plotonepic: no visible global function definition for 'legend'
    plotca : plotonepic: no visible global function definition for 'title'
    plotca : plotonepic: no visible global function definition for 'lines'
    plotca : plotonepic: no visible global function definition for 'text'
    plotca: no visible global function definition for 'colours'
    plotca: no visible global function definition for 'rainbow'
    plotca: no visible global function definition for 'read.table'
    Undefined global functions or variables:
     abline colours dev.new legend lines plot points qchisq rainbow
     read.table rmultinom rpois text title
    Consider adding
     importFrom("grDevices", "colours", "dev.new", "rainbow")
     importFrom("graphics", "abline", "legend", "lines", "plot", "points",
     "text", "title")
     importFrom("stats", "qchisq", "rmultinom", "rpois")
     importFrom("utils", "read.table")
    to your NAMESPACE file.
Flavors: r-devel-linux-x86_64-debian-clang, r-devel-linux-x86_64-debian-gcc, r-devel-linux-x86_64-fedora-clang, r-devel-linux-x86_64-fedora-gcc, r-devel-windows-ix86+x86_64, r-patched-linux-x86_64, r-patched-solaris-x86, r-release-linux-x86_64, r-release-windows-ix86+x86_64, r-release-osx-x86_64, r-oldrel-windows-ix86+x86_64, r-oldrel-osx-x86_64

Version: 1.0
Check: dependencies in R code
Result: NOTE
    Namespace in Imports field not imported from: ‘utils’
     All declared Imports should be used.
Flavors: r-devel-linux-x86_64-fedora-clang, r-devel-linux-x86_64-fedora-gcc, r-patched-solaris-x86, r-release-osx-x86_64, r-oldrel-osx-x86_64