CRAN Package Check Results for Package bpnreg

Last updated on 2019-06-20 07:47:36 CEST.

Flavor Version Tinstall Tcheck Ttotal Status Flags
r-devel-linux-x86_64-debian-clang 1.0.0 38.27 76.15 114.42 NOTE
r-devel-linux-x86_64-debian-gcc 1.0.0 32.68 57.76 90.44 NOTE
r-devel-linux-x86_64-fedora-clang 1.0.0 126.81 NOTE
r-devel-linux-x86_64-fedora-gcc 1.0.0 141.71 NOTE
r-devel-windows-ix86+x86_64 1.0.0 109.00 178.00 287.00 OK
r-patched-linux-x86_64 1.0.0 41.70 76.08 117.78 NOTE
r-patched-solaris-x86 1.0.0 158.80 OK
r-release-linux-x86_64 1.0.0 37.05 76.99 114.04 NOTE
r-release-windows-ix86+x86_64 1.0.0 106.00 183.00 289.00 OK
r-release-osx-x86_64 1.0.0 OK
r-oldrel-windows-ix86+x86_64 1.0.0 82.00 178.00 260.00 OK
r-oldrel-osx-x86_64 1.0.0 OK

Check Details

Version: 1.0.0
Check: use of SHLIB_OPENMP_*FLAGS in Makefiles
Result: NOTE
     src/Makevars: SHLIB_OPENMP_CXXFLAGS is included in PKG_CXXFLAGS but not in PKG_LIBS
     src/Makevars: SHLIB_OPENMP_CFLAGS is included in PKG_LIBS but linking is by C++
     src/Makevars.win: SHLIB_OPENMP_CXXFLAGS is included in PKG_CXXFLAGS but not in PKG_LIBS
     src/Makevars.win: SHLIB_OPENMP_CFLAGS is included in PKG_LIBS but linking is by C++
    Use of these macros is discussed in sect 1.2.1.1 of 'Writing R
    Extensions'. The macros for different languages may differ so the
    matching macro must be used in PKG_CXXFLAGS (etc) and match that used
    in PKG_LIBS (except for Fortran: see the manual).
Flavors: r-devel-linux-x86_64-debian-clang, r-devel-linux-x86_64-debian-gcc, r-devel-linux-x86_64-fedora-clang, r-devel-linux-x86_64-fedora-gcc, r-patched-linux-x86_64, r-release-linux-x86_64