CRAN Package Check Results for Package bpnreg

Last updated on 2019-09-22 07:48:11 CEST.

Flavor Version Tinstall Tcheck Ttotal Status Flags
r-devel-linux-x86_64-debian-clang 1.0.0 39.40 75.07 114.47 NOTE
r-devel-linux-x86_64-debian-gcc 1.0.0 34.51 57.95 92.46 NOTE
r-devel-linux-x86_64-fedora-clang 1.0.0 152.05 NOTE
r-devel-linux-x86_64-fedora-gcc 1.0.0 149.71 NOTE
r-devel-windows-ix86+x86_64 1.0.0 108.00 179.00 287.00 OK
r-patched-linux-x86_64 1.0.0 39.06 76.45 115.51 NOTE
r-patched-solaris-x86 1.0.0 169.80 OK
r-release-linux-x86_64 1.0.0 40.43 76.30 116.73 NOTE
r-release-windows-ix86+x86_64 1.0.0 68.00 137.00 205.00 OK
r-release-osx-x86_64 1.0.0 OK
r-oldrel-windows-ix86+x86_64 1.0.0 84.00 125.00 209.00 OK
r-oldrel-osx-x86_64 1.0.0 OK

Check Details

Version: 1.0.0
Check: use of SHLIB_OPENMP_*FLAGS in Makefiles
Result: NOTE
     src/Makevars: SHLIB_OPENMP_CXXFLAGS is included in PKG_CXXFLAGS but not in PKG_LIBS
     src/Makevars: SHLIB_OPENMP_CFLAGS is included in PKG_LIBS but linking is by C++
     src/Makevars.win: SHLIB_OPENMP_CXXFLAGS is included in PKG_CXXFLAGS but not in PKG_LIBS
     src/Makevars.win: SHLIB_OPENMP_CFLAGS is included in PKG_LIBS but linking is by C++
    Use of these macros is discussed in sect 1.2.1.1 of 'Writing R
    Extensions'. The macros for different languages may differ so the
    matching macro must be used in PKG_CXXFLAGS (etc) and match that used
    in PKG_LIBS (except for Fortran: see the manual).
Flavors: r-devel-linux-x86_64-debian-clang, r-devel-linux-x86_64-debian-gcc, r-devel-linux-x86_64-fedora-clang, r-devel-linux-x86_64-fedora-gcc, r-patched-linux-x86_64, r-release-linux-x86_64