CRAN Package Check Results for Package blkbox

Last updated on 2019-06-25 19:49:33 CEST.

Flavor Version Tinstall Tcheck Ttotal Status Flags
r-devel-linux-x86_64-debian-clang 1.0 5.41 46.45 51.86 NOTE
r-devel-linux-x86_64-debian-gcc 1.0 4.41 37.04 41.45 NOTE
r-devel-linux-x86_64-fedora-clang 1.0 62.52 NOTE
r-devel-linux-x86_64-fedora-gcc 1.0 58.89 NOTE
r-devel-windows-ix86+x86_64 1.0 22.00 66.00 88.00 NOTE
r-patched-linux-x86_64 1.0 5.11 45.55 50.66 NOTE
r-patched-solaris-x86 1.0 4.30 ERROR
r-release-linux-x86_64 1.0 5.66 45.84 51.50 NOTE
r-release-windows-ix86+x86_64 1.0 14.00 107.00 121.00 NOTE
r-release-osx-x86_64 1.0 NOTE
r-oldrel-windows-ix86+x86_64 1.0 8.00 56.00 64.00 NOTE
r-oldrel-osx-x86_64 1.0 NOTE

Check Details

Version: 1.0
Check: package dependencies
Result: NOTE
    Package suggested but not available for checking: 'bigrf'
Flavors: r-devel-linux-x86_64-debian-clang, r-devel-linux-x86_64-debian-gcc, r-devel-linux-x86_64-fedora-clang, r-devel-linux-x86_64-fedora-gcc, r-devel-windows-ix86+x86_64, r-patched-linux-x86_64, r-release-linux-x86_64, r-release-windows-ix86+x86_64, r-release-osx-x86_64, r-oldrel-windows-ix86+x86_64, r-oldrel-osx-x86_64

Version: 1.0
Check: dependencies in R code
Result: NOTE
    Missing or unexported object: 'xgboost::predict'
Flavors: r-devel-linux-x86_64-debian-clang, r-devel-linux-x86_64-debian-gcc, r-devel-windows-ix86+x86_64, r-patched-linux-x86_64, r-release-linux-x86_64, r-release-windows-ix86+x86_64, r-oldrel-windows-ix86+x86_64

Version: 1.0
Check: package vignettes
Result: NOTE
    Package vignette with placeholder title 'Vignette Title':
     'blkbox_vignette.Rmd'
Flavors: r-devel-linux-x86_64-debian-clang, r-devel-linux-x86_64-debian-gcc

Version: 1.0
Check: dependencies in R code
Result: NOTE
    Namespaces in Imports field not imported from:
     ‘glmnet’ ‘gtools’ ‘knitr’ ‘nnet’ ‘parallel’ ‘rJava’ ‘reshape’
     ‘rmarkdown’ ‘shinyjs’
     All declared Imports should be used.
    Missing or unexported object: ‘xgboost::predict’
Flavors: r-devel-linux-x86_64-fedora-clang, r-devel-linux-x86_64-fedora-gcc, r-release-osx-x86_64, r-oldrel-osx-x86_64

Version: 1.0
Check: package dependencies
Result: ERROR
    Package required but not available: ‘xgboost’
    
    Package suggested but not available for checking: ‘bigrf’
    
    See section ‘The DESCRIPTION file’ in the ‘Writing R Extensions’
    manual.
Flavor: r-patched-solaris-x86