CRAN Package Check Results for Package blkbox

Last updated on 2019-09-24 07:48:30 CEST.

Flavor Version Tinstall Tcheck Ttotal Status Flags
r-devel-linux-x86_64-debian-clang 1.0 5.99 46.62 52.61 NOTE
r-devel-linux-x86_64-debian-gcc 1.0 4.89 35.77 40.66 NOTE
r-devel-linux-x86_64-fedora-clang 1.0 62.57 NOTE
r-devel-linux-x86_64-fedora-gcc 1.0 61.14 NOTE
r-devel-windows-ix86+x86_64 1.0 37.00 93.00 130.00 NOTE
r-patched-linux-x86_64 1.0 5.18 44.43 49.61 NOTE
r-patched-solaris-x86 1.0 89.60 NOTE
r-release-linux-x86_64 1.0 5.43 45.15 50.58 NOTE
r-release-windows-ix86+x86_64 1.0 30.00 86.00 116.00 NOTE
r-release-osx-x86_64 1.0 NOTE
r-oldrel-windows-ix86+x86_64 1.0 7.00 58.00 65.00 NOTE
r-oldrel-osx-x86_64 1.0 NOTE

Check Details

Version: 1.0
Check: package dependencies
Result: NOTE
    Package suggested but not available for checking: 'bigrf'
Flavors: r-devel-linux-x86_64-debian-clang, r-devel-linux-x86_64-debian-gcc, r-devel-linux-x86_64-fedora-clang, r-devel-linux-x86_64-fedora-gcc, r-devel-windows-ix86+x86_64, r-patched-linux-x86_64, r-patched-solaris-x86, r-release-linux-x86_64, r-release-windows-ix86+x86_64, r-release-osx-x86_64, r-oldrel-windows-ix86+x86_64, r-oldrel-osx-x86_64

Version: 1.0
Check: dependencies in R code
Result: NOTE
    Missing or unexported object: 'xgboost::predict'
Flavors: r-devel-linux-x86_64-debian-clang, r-devel-linux-x86_64-debian-gcc, r-devel-windows-ix86+x86_64, r-patched-linux-x86_64, r-release-linux-x86_64, r-release-windows-ix86+x86_64, r-oldrel-windows-ix86+x86_64

Version: 1.0
Check: package vignettes
Result: NOTE
    Package vignette with placeholder title 'Vignette Title':
     'blkbox_vignette.Rmd'
Flavors: r-devel-linux-x86_64-debian-clang, r-devel-linux-x86_64-debian-gcc, r-devel-windows-ix86+x86_64

Version: 1.0
Check: dependencies in R code
Result: NOTE
    Namespaces in Imports field not imported from:
     ‘glmnet’ ‘gtools’ ‘knitr’ ‘nnet’ ‘parallel’ ‘rJava’ ‘reshape’
     ‘rmarkdown’ ‘shinyjs’
     All declared Imports should be used.
    Missing or unexported object: ‘xgboost::predict’
Flavors: r-devel-linux-x86_64-fedora-clang, r-devel-linux-x86_64-fedora-gcc, r-release-osx-x86_64, r-oldrel-osx-x86_64

Version: 1.0
Check: dependencies in R code
Result: NOTE
    Invalid maximum heap size: -Xmx4G
    The specified size exceeds the maximum representable size.
    Namespaces in Imports field not imported from:
     ‘glmnet’ ‘gtools’ ‘knitr’ ‘nnet’ ‘parallel’ ‘rJava’ ‘reshape’
     ‘rmarkdown’ ‘shinyjs’
     All declared Imports should be used.
    Missing or unexported object: ‘xgboost::predict’
Flavor: r-patched-solaris-x86