CRAN Package Check Results for Package blavaan

Last updated on 2021-04-22 16:48:41 CEST.

Flavor Version Tinstall Tcheck Ttotal Status Flags
r-devel-linux-x86_64-debian-clang 0.3-15 302.37 248.51 550.88 NOTE
r-devel-linux-x86_64-debian-gcc 0.3-15 209.88 184.39 394.27 NOTE
r-devel-linux-x86_64-fedora-clang 0.3-15 682.27 NOTE
r-devel-linux-x86_64-fedora-gcc 0.3-15 662.14 NOTE
r-devel-windows-ix86+x86_64 0.3-15 540.00 420.00 960.00 NOTE
r-devel-windows-x86_64-gcc10-UCRT 0.3-15 NOTE
r-patched-linux-x86_64 0.3-15 213.86 229.71 443.57 NOTE
r-patched-solaris-x86 0.3-15 673.40 NOTE
r-release-linux-x86_64 0.3-15 212.02 231.89 443.91 NOTE
r-release-macos-x86_64 0.3-15 NOTE
r-release-windows-ix86+x86_64 0.3-15 525.00 437.00 962.00 NOTE
r-oldrel-macos-x86_64 0.3-15 NOTE
r-oldrel-windows-ix86+x86_64 0.3-15 404.00 380.00 784.00 NOTE

Check Details

Version: 0.3-15
Check: for GNU extensions in Makefiles
Result: NOTE
    GNU make is a SystemRequirements.
Flavors: r-devel-linux-x86_64-debian-clang, r-devel-linux-x86_64-debian-gcc, r-devel-linux-x86_64-fedora-clang, r-devel-linux-x86_64-fedora-gcc, r-devel-windows-ix86+x86_64, r-devel-windows-x86_64-gcc10-UCRT, r-patched-linux-x86_64, r-patched-solaris-x86, r-release-linux-x86_64, r-release-macos-x86_64, r-release-windows-ix86+x86_64, r-oldrel-macos-x86_64, r-oldrel-windows-ix86+x86_64

Version: 0.3-15
Check: installed package size
Result: NOTE
     installed size is 56.3Mb
     sub-directories of 1Mb or more:
     libs 54.7Mb
Flavors: r-devel-linux-x86_64-fedora-clang, r-devel-windows-ix86+x86_64, r-release-macos-x86_64, r-release-windows-ix86+x86_64, r-oldrel-macos-x86_64, r-oldrel-windows-ix86+x86_64

Version: 0.3-15
Check: line endings in C/C++/Fortran sources/headers
Result: NOTE
    Found the following sources/headers with CR or CRLF line endings:
     src/stan_files/stanmarg.hpp
    Some Unix compilers require LF line endings.
Flavor: r-devel-windows-x86_64-gcc10-UCRT