CRAN Package Check Results for Package billboarder

Last updated on 2019-06-16 07:46:46 CEST.

Flavor Version Tinstall Tcheck Ttotal Status Flags
r-devel-linux-x86_64-debian-clang 0.2.6 5.52 67.36 72.88 OK
r-devel-linux-x86_64-debian-gcc 0.2.6 4.40 52.06 56.46 OK
r-devel-linux-x86_64-fedora-clang 0.2.6 85.67 OK
r-devel-linux-x86_64-fedora-gcc 0.2.6 81.11 OK
r-devel-windows-ix86+x86_64 0.2.6 21.00 137.00 158.00 OK
r-patched-linux-x86_64 0.2.6 5.66 65.04 70.70 OK
r-patched-solaris-x86 0.2.6 120.00 WARN
r-release-linux-x86_64 0.2.6 5.18 66.31 71.49 OK
r-release-windows-ix86+x86_64 0.2.6 15.00 135.00 150.00 OK
r-release-osx-x86_64 0.2.6 WARN
r-oldrel-windows-ix86+x86_64 0.2.6 10.00 123.00 133.00 OK
r-oldrel-osx-x86_64 0.2.6 WARN

Check Details

Version: 0.2.6
Check: re-building of vignette outputs
Result: WARN
    Error(s) in re-building vignettes:
     ...
    --- re-building ‘billboarder-intro.Rmd’ using rmarkdown
    Warning in engine$weave(file, quiet = quiet, encoding = enc) :
     Pandoc (>= 1.12.3) and/or pandoc-citeproc not available. Falling back to R Markdown v1.
    Quitting from lines 41-48 (billboarder-intro.Rmd)
    Error: processing vignette 'billboarder-intro.Rmd' failed with diagnostics:
    there is no package called 'webshot'
    --- failed re-building ‘billboarder-intro.Rmd’
    
    --- re-building ‘billboarder-mapping.Rmd’ using rmarkdown
    Warning in engine$weave(file, quiet = quiet, encoding = enc) :
     Pandoc (>= 1.12.3) and/or pandoc-citeproc not available. Falling back to R Markdown v1.
    Quitting from lines 44-46 (billboarder-mapping.Rmd)
    Error: processing vignette 'billboarder-mapping.Rmd' failed with diagnostics:
    there is no package called 'webshot'
    --- failed re-building ‘billboarder-mapping.Rmd’
    
    --- re-building ‘billboarder-options.Rmd’ using rmarkdown
    Warning in engine$weave(file, quiet = quiet, encoding = enc) :
     Pandoc (>= 1.12.3) and/or pandoc-citeproc not available. Falling back to R Markdown v1.
    Quitting from lines 26-29 (billboarder-options.Rmd)
    Error: processing vignette 'billboarder-options.Rmd' failed with diagnostics:
    there is no package called 'webshot'
    --- failed re-building ‘billboarder-options.Rmd’
    
    --- re-building ‘billboarder.Rmd’ using rmarkdown
    Warning in engine$weave(file, quiet = quiet, encoding = enc) :
     Pandoc (>= 1.12.3) and/or pandoc-citeproc not available. Falling back to R Markdown v1.
    Quitting from lines 37-56 (billboarder.Rmd)
    Error: processing vignette 'billboarder.Rmd' failed with diagnostics:
    there is no package called 'webshot'
    --- failed re-building ‘billboarder.Rmd’
    
    SUMMARY: processing the following files failed:
     ‘billboarder-intro.Rmd’ ‘billboarder-mapping.Rmd’
     ‘billboarder-options.Rmd’ ‘billboarder.Rmd’
    
    Error: Vignette re-building failed.
    Execution halted
Flavor: r-patched-solaris-x86

Version: 0.2.6
Check: re-building of vignette outputs
Result: WARN
    Error(s) in re-building vignettes:
    --- re-building ‘billboarder-intro.Rmd’ using rmarkdown
    Warning in engine$weave(file, quiet = quiet, encoding = enc) :
     Pandoc (>= 1.12.3) and/or pandoc-citeproc not available. Falling back to R Markdown v1.
    Quitting from lines 41-48 (billboarder-intro.Rmd)
    Error: processing vignette 'billboarder-intro.Rmd' failed with diagnostics:
    cannot open the connection
    --- failed re-building ‘billboarder-intro.Rmd’
    
    --- re-building ‘billboarder-mapping.Rmd’ using rmarkdown
    Warning in engine$weave(file, quiet = quiet, encoding = enc) :
     Pandoc (>= 1.12.3) and/or pandoc-citeproc not available. Falling back to R Markdown v1.
    Quitting from lines 44-46 (billboarder-mapping.Rmd)
    Error: processing vignette 'billboarder-mapping.Rmd' failed with diagnostics:
    cannot open the connection
    --- failed re-building ‘billboarder-mapping.Rmd’
    
    --- re-building ‘billboarder-options.Rmd’ using rmarkdown
    Warning in engine$weave(file, quiet = quiet, encoding = enc) :
     Pandoc (>= 1.12.3) and/or pandoc-citeproc not available. Falling back to R Markdown v1.
    Quitting from lines 26-29 (billboarder-options.Rmd)
    Error: processing vignette 'billboarder-options.Rmd' failed with diagnostics:
    cannot open the connection
    --- failed re-building ‘billboarder-options.Rmd’
    
    --- re-building ‘billboarder.Rmd’ using rmarkdown
    Warning in engine$weave(file, quiet = quiet, encoding = enc) :
     Pandoc (>= 1.12.3) and/or pandoc-citeproc not available. Falling back to R Markdown v1.
    Quitting from lines 37-56 (billboarder.Rmd)
    Error: processing vignette 'billboarder.Rmd' failed with diagnostics:
    cannot open the connection
    --- failed re-building ‘billboarder.Rmd’
    
    SUMMARY: processing the following files failed:
     ‘billboarder-intro.Rmd’ ‘billboarder-mapping.Rmd’
     ‘billboarder-options.Rmd’ ‘billboarder.Rmd’
    
    Error: Vignette re-building failed.
    Execution halted
Flavor: r-release-osx-x86_64

Version: 0.2.6
Check: re-building of vignette outputs
Result: WARN
    Error in re-building vignettes:
     ...
    Warning in engine$weave(file, quiet = quiet, encoding = enc) :
     Pandoc (>= 1.12.3) and/or pandoc-citeproc not available. Falling back to R Markdown v1.
    Quitting from lines 41-48 (billboarder-intro.Rmd)
    Error: processing vignette 'billboarder-intro.Rmd' failed with diagnostics:
    cannot open the connection
    Execution halted
Flavor: r-oldrel-osx-x86_64