Last updated on 2021-04-22 16:48:40 CEST.
Flavor | Version | Tinstall | Tcheck | Ttotal | Status | Flags |
---|---|---|---|---|---|---|
r-devel-linux-x86_64-debian-clang | 0.4.1 | 6.93 | 57.71 | 64.64 | OK | |
r-devel-linux-x86_64-debian-gcc | 0.4.1 | 6.23 | 44.92 | 51.15 | OK | |
r-devel-linux-x86_64-fedora-clang | 0.4.1 | 87.53 | OK | |||
r-devel-linux-x86_64-fedora-gcc | 0.4.1 | 78.26 | OK | |||
r-devel-windows-ix86+x86_64 | 0.4.1 | 13.00 | 81.00 | 94.00 | OK | |
r-devel-windows-x86_64-gcc10-UCRT | 0.4.1 | OK | ||||
r-patched-linux-x86_64 | 0.4.1 | 7.22 | 53.08 | 60.30 | WARN | |
r-patched-solaris-x86 | 0.4.1 | 102.20 | OK | |||
r-release-linux-x86_64 | 0.4.1 | 6.43 | 53.03 | 59.46 | OK | |
r-release-macos-x86_64 | 0.4.1 | OK | ||||
r-release-windows-ix86+x86_64 | 0.4.1 | 14.00 | 74.00 | 88.00 | OK | |
r-oldrel-macos-x86_64 | 0.4.1 | OK | ||||
r-oldrel-windows-ix86+x86_64 | 0.4.1 | 9.00 | 69.00 | 78.00 | OK |
Version: 0.4.1
Check: whether package can be installed
Result: WARN
Found the following significant warnings:
Rd warning: /tmp/RtmpCD7rZG/R.INSTALL20e116311732/bfw/man/DiagMCMC.Rd:39: file link ‘dev.new’ in package ‘grDevices’ does not exist and so has been treated as a topic
Rd warning: /tmp/RtmpCD7rZG/R.INSTALL20e116311732/bfw/man/DiagMCMC.Rd:39: file link ‘colorRampPalette’ in package ‘grDevices’ does not exist and so has been treated as a topic
Rd warning: /tmp/RtmpCD7rZG/R.INSTALL20e116311732/bfw/man/DiagMCMC.Rd:39: file link ‘recordPlot’ in package ‘grDevices’ does not exist and so has been treated as a topic
Rd warning: /tmp/RtmpCD7rZG/R.INSTALL20e116311732/bfw/man/DiagMCMC.Rd:39: file link ‘graphics.off’ in package ‘grDevices’ does not exist and so has been treated as a topic
Rd warning: /tmp/RtmpCD7rZG/R.INSTALL20e116311732/bfw/man/DiagMCMC.Rd:39: file link ‘dev.list’ in package ‘grDevices’ does not exist and so has been treated as a topic
Rd warning: /tmp/RtmpCD7rZG/R.INSTALL20e116311732/bfw/man/DiagMCMC.Rd:39: file link ‘dev.off’ in package ‘grDevices’ does not exist and so has been treated as a topic
Rd warning: /tmp/RtmpCD7rZG/R.INSTALL20e116311732/bfw/man/DiagMCMC.Rd:40: file link ‘plot.new’ in package ‘graphics’ does not exist and so has been treated as a topic
Rd warning: /tmp/RtmpCD7rZG/R.INSTALL20e116311732/bfw/man/ParseNumber.Rd:22: file link ‘na.omit’ in package ‘stats’ does not exist and so has been treated as a topic
Rd warning: /tmp/RtmpCD7rZG/R.INSTALL20e116311732/bfw/man/ParsePlot.Rd:115: file link ‘recordPlot’ in package ‘grDevices’ does not exist and so has been treated as a topic
Rd warning: /tmp/RtmpCD7rZG/R.INSTALL20e116311732/bfw/man/ParsePlot.Rd:118: file link ‘plot’ in package ‘graphics’ does not exist and so has been treated as a topic
Rd warning: /tmp/RtmpCD7rZG/R.INSTALL20e116311732/bfw/man/PlotCirclize.Rd:34: file link ‘recordPlot’ in package ‘grDevices’ does not exist and so has been treated as a topic
Rd warning: /tmp/RtmpCD7rZG/R.INSTALL20e116311732/bfw/man/ReadFile.Rd:46: file link ‘read.csv’ in package ‘utils’ does not exist and so has been treated as a topic
Rd warning: /tmp/RtmpCD7rZG/R.INSTALL20e116311732/bfw/man/RunMCMC.Rd:122: file link ‘as.mcmc.list’ in package ‘coda’ does not exist and so has been treated as a topic
Rd warning: /tmp/RtmpCD7rZG/R.INSTALL20e116311732/bfw/man/RunMCMC.Rd:124: file link ‘cov’ in package ‘stats’ does not exist and so has been treated as a topic
Flavor: r-patched-linux-x86_64