CRAN Package Check Results for Package beadplexr

Last updated on 2019-06-20 05:48:17 CEST.

Flavor Version Tinstall Tcheck Ttotal Status Flags
r-devel-linux-x86_64-debian-clang 0.2.0 8.75 334.49 343.24 OK
r-devel-linux-x86_64-debian-gcc 0.2.0 8.62 250.22 258.84 OK
r-devel-linux-x86_64-fedora-clang 0.2.0 387.98 OK
r-devel-linux-x86_64-fedora-gcc 0.2.0 358.21 OK
r-devel-windows-ix86+x86_64 0.2.0 33.00 470.00 503.00 OK
r-patched-linux-x86_64 0.2.0 9.98 321.52 331.50 OK
r-patched-solaris-x86 0.2.0 644.50 OK
r-release-linux-x86_64 0.2.0 10.14 319.21 329.35 OK
r-release-windows-ix86+x86_64 0.2.0 30.00 446.00 476.00 OK
r-release-osx-x86_64 0.2.0 ERROR
r-oldrel-windows-ix86+x86_64 0.2.0 12.00 359.00 371.00 OK
r-oldrel-osx-x86_64 0.2.0 OK

Check Details

Version: 0.2.0
Check: package dependencies
Result: ERROR
    Package required but not available: ‘flowCore’
    
    See section ‘The DESCRIPTION file’ in the ‘Writing R Extensions’
    manual.
Flavor: r-release-osx-x86_64