CRAN Package Check Results for Package beadplexr

Last updated on 2019-09-22 19:51:15 CEST.

Flavor Version Tinstall Tcheck Ttotal Status Flags
r-devel-linux-x86_64-debian-clang 0.2.0 8.91 334.29 343.20 OK
r-devel-linux-x86_64-debian-gcc 0.2.0 8.61 244.59 253.20 OK
r-devel-linux-x86_64-fedora-clang 0.2.0 404.67 OK
r-devel-linux-x86_64-fedora-gcc 0.2.0 394.32 OK
r-devel-windows-ix86+x86_64 0.2.0 32.00 368.00 400.00 OK
r-patched-linux-x86_64 0.2.0 8.79 319.05 327.84 OK
r-patched-solaris-x86 0.2.0 657.10 OK
r-release-linux-x86_64 0.2.0 7.70 320.57 328.27 OK
r-release-windows-ix86+x86_64 0.2.0 32.00 436.00 468.00 OK
r-release-osx-x86_64 0.2.0 ERROR
r-oldrel-windows-ix86+x86_64 0.2.0 16.00 319.00 335.00 OK
r-oldrel-osx-x86_64 0.2.0 OK

Check Details

Version: 0.2.0
Check: package dependencies
Result: ERROR
    Package required but not available: ‘flowCore’
    
    See section ‘The DESCRIPTION file’ in the ‘Writing R Extensions’
    manual.
Flavor: r-release-osx-x86_64