Last updated on 2021-01-23 17:48:39 CET.
Flavor | Version | Tinstall | Tcheck | Ttotal | Status | Flags |
---|---|---|---|---|---|---|
r-devel-linux-x86_64-debian-clang | 2.0.1 | 4.75 | 283.10 | 287.85 | OK | |
r-devel-linux-x86_64-debian-gcc | 2.0.1 | 3.57 | 188.03 | 191.60 | OK | |
r-devel-linux-x86_64-fedora-clang | 2.0.1 | 337.78 | NOTE | |||
r-devel-linux-x86_64-fedora-gcc | 2.0.1 | 341.68 | OK | |||
r-devel-windows-ix86+x86_64 | 2.0.1 | 9.00 | 365.00 | 374.00 | OK | |
r-patched-linux-x86_64 | 2.0.1 | 4.22 | 308.06 | 312.28 | OK | |
r-patched-solaris-x86 | 2.0.1 | 501.70 | OK | |||
r-release-linux-x86_64 | 2.0.1 | 4.63 | 302.42 | 307.05 | OK | |
r-release-macos-x86_64 | 2.0.1 | OK | ||||
r-release-windows-ix86+x86_64 | 2.0.1 | 12.00 | 409.00 | 421.00 | OK | |
r-oldrel-macos-x86_64 | 2.0.1 | OK | ||||
r-oldrel-windows-ix86+x86_64 | 2.0.1 | 7.00 | 405.00 | 412.00 | OK |
Version: 2.0.1
Check: Rd cross-references
Result: NOTE
Undeclared package ‘betareg’ in Rd xrefs
Flavor: r-devel-linux-x86_64-fedora-clang