CRAN Package Check Results for Package bayesdfa

Last updated on 2019-09-22 07:48:10 CEST.

Flavor Version Tinstall Tcheck Ttotal Status Flags
r-devel-linux-x86_64-debian-clang 0.1.3 368.20 230.50 598.70 NOTE
r-devel-linux-x86_64-debian-gcc 0.1.3 388.22 183.53 571.75 NOTE
r-devel-linux-x86_64-fedora-clang 0.1.3 901.39 NOTE
r-devel-linux-x86_64-fedora-gcc 0.1.3 972.79 NOTE
r-devel-windows-ix86+x86_64 0.1.3 899.00 434.00 1333.00 NOTE
r-patched-linux-x86_64 0.1.3 389.85 230.45 620.30 NOTE
r-patched-solaris-x86 0.1.3 991.90 NOTE
r-release-linux-x86_64 0.1.3 376.92 234.10 611.02 NOTE
r-release-windows-ix86+x86_64 0.1.3 627.00 366.00 993.00 NOTE
r-release-osx-x86_64 0.1.3 NOTE
r-oldrel-windows-ix86+x86_64 0.1.3 592.00 366.00 958.00 NOTE
r-oldrel-osx-x86_64 0.1.3 NOTE

Check Details

Version: 0.1.3
Check: for GNU extensions in Makefiles
Result: NOTE
    GNU make is a SystemRequirements.
Flavors: r-devel-linux-x86_64-debian-clang, r-devel-linux-x86_64-debian-gcc, r-devel-linux-x86_64-fedora-clang, r-devel-linux-x86_64-fedora-gcc, r-devel-windows-ix86+x86_64, r-patched-linux-x86_64, r-patched-solaris-x86, r-release-linux-x86_64, r-release-windows-ix86+x86_64, r-release-osx-x86_64, r-oldrel-windows-ix86+x86_64, r-oldrel-osx-x86_64

Version: 0.1.3
Check: installed package size
Result: NOTE
     installed size is 66.9Mb
     sub-directories of 1Mb or more:
     libs 66.1Mb
Flavors: r-devel-linux-x86_64-fedora-clang, r-devel-windows-ix86+x86_64, r-patched-solaris-x86, r-release-windows-ix86+x86_64, r-release-osx-x86_64, r-oldrel-windows-ix86+x86_64, r-oldrel-osx-x86_64