CRAN Package Check Results for Package bayesDccGarch

Last updated on 2019-07-16 07:50:37 CEST.

Flavor Version Tinstall Tcheck Ttotal Status Flags
r-devel-linux-x86_64-debian-clang 2.0 6.13 30.74 36.87 NOTE
r-devel-linux-x86_64-debian-gcc 2.0 3.37 23.77 27.14 NOTE
r-devel-linux-x86_64-fedora-clang 2.0 43.47 NOTE
r-devel-linux-x86_64-fedora-gcc 2.0 39.73 NOTE
r-devel-windows-ix86+x86_64 2.0 18.00 55.00 73.00 NOTE
r-patched-linux-x86_64 2.0 3.73 30.24 33.97 NOTE
r-patched-solaris-x86 2.0 71.50 NOTE
r-release-linux-x86_64 2.0 3.68 30.66 34.34 NOTE
r-release-windows-ix86+x86_64 2.0 13.00 100.00 113.00 NOTE
r-release-osx-x86_64 2.0 NOTE
r-oldrel-windows-ix86+x86_64 2.0 28.00 72.00 100.00 NOTE
r-oldrel-osx-x86_64 2.0 NOTE

Check Details

Version: 2.0
Check: DESCRIPTION meta-information
Result: NOTE
    BugReports field is not a suitable URL but contains an email address
     which will be used as from R 3.4.0
Flavors: r-devel-linux-x86_64-debian-clang, r-devel-linux-x86_64-debian-gcc, r-devel-linux-x86_64-fedora-clang, r-devel-linux-x86_64-fedora-gcc, r-devel-windows-ix86+x86_64, r-patched-linux-x86_64, r-patched-solaris-x86, r-release-linux-x86_64, r-release-windows-ix86+x86_64, r-release-osx-x86_64, r-oldrel-windows-ix86+x86_64, r-oldrel-osx-x86_64

Version: 2.0
Check: compiled code
Result: NOTE
    File ‘bayesDccGarch/libs/bayesDccGarch.so’:
     Found no calls to: ‘R_registerRoutines’, ‘R_useDynamicSymbols’
    
    It is good practice to register native routines and to disable symbol
    search.
    
    See ‘Writing portable packages’ in the ‘Writing R Extensions’ manual.
Flavors: r-devel-linux-x86_64-fedora-clang, r-devel-linux-x86_64-fedora-gcc