CRAN Package Check Results for Package basad

Last updated on 2019-09-24 07:48:29 CEST.

Flavor Version Tinstall Tcheck Ttotal Status Flags
r-devel-linux-x86_64-debian-clang 0.2.0 65.99 23.62 89.61 OK
r-devel-linux-x86_64-debian-gcc 0.2.0 54.93 20.10 75.03 OK
r-devel-linux-x86_64-fedora-clang 0.2.0 133.16 NOTE
r-devel-linux-x86_64-fedora-gcc 0.2.0 130.04 OK
r-devel-windows-ix86+x86_64 0.2.0 127.00 74.00 201.00 OK
r-patched-linux-x86_64 0.2.0 64.49 24.57 89.06 OK
r-patched-solaris-x86 0.2.0 106.80 OK
r-release-linux-x86_64 0.2.0 63.82 25.03 88.85 OK
r-release-windows-ix86+x86_64 0.2.0 126.00 76.00 202.00 OK
r-release-osx-x86_64 0.2.0 NOTE
r-oldrel-windows-ix86+x86_64 0.2.0 92.00 52.00 144.00 OK
r-oldrel-osx-x86_64 0.2.0 NOTE

Check Details

Version: 0.2.0
Check: installed package size
Result: NOTE
     installed size is 13.9Mb
     sub-directories of 1Mb or more:
     libs 13.8Mb
Flavors: r-devel-linux-x86_64-fedora-clang, r-release-osx-x86_64, r-oldrel-osx-x86_64