CRAN Package Check Results for Package basad

Last updated on 2019-06-24 19:49:48 CEST.

Flavor Version Tinstall Tcheck Ttotal Status Flags
r-devel-linux-x86_64-debian-clang 0.2.0 68.19 22.52 90.71 OK
r-devel-linux-x86_64-debian-gcc 0.2.0 55.31 20.54 75.85 OK
r-devel-linux-x86_64-fedora-clang 0.2.0 121.94 NOTE
r-devel-linux-x86_64-fedora-gcc 0.2.0 106.96 OK
r-devel-windows-ix86+x86_64 0.2.0 140.00 73.00 213.00 OK
r-patched-linux-x86_64 0.2.0 66.33 23.56 89.89 OK
r-patched-solaris-x86 0.2.0 113.90 OK
r-release-linux-x86_64 0.2.0 62.65 23.70 86.35 OK
r-release-windows-ix86+x86_64 0.2.0 100.00 76.00 176.00 OK
r-release-osx-x86_64 0.2.0 NOTE
r-oldrel-windows-ix86+x86_64 0.2.0 79.00 51.00 130.00 OK
r-oldrel-osx-x86_64 0.2.0 NOTE

Check Details

Version: 0.2.0
Check: installed package size
Result: NOTE
     installed size is 13.6Mb
     sub-directories of 1Mb or more:
     libs 13.5Mb
Flavors: r-devel-linux-x86_64-fedora-clang, r-release-osx-x86_64, r-oldrel-osx-x86_64