Last updated on 2021-01-23 17:48:39 CET.
Flavor | Version | Tinstall | Tcheck | Ttotal | Status | Flags |
---|---|---|---|---|---|---|
r-devel-linux-x86_64-debian-clang | 1.1-2 | 64.45 | 357.48 | 421.93 | OK | |
r-devel-linux-x86_64-debian-gcc | 1.1-2 | 57.18 | 258.16 | 315.34 | OK | |
r-devel-linux-x86_64-fedora-clang | 1.1-2 | 501.89 | NOTE | |||
r-devel-linux-x86_64-fedora-gcc | 1.1-2 | 505.20 | NOTE | |||
r-devel-windows-ix86+x86_64 | 1.1-2 | 113.00 | 437.00 | 550.00 | OK | |
r-patched-linux-x86_64 | 1.1-2 | 59.50 | 317.41 | 376.91 | OK | |
r-patched-solaris-x86 | 1.1-2 | 575.00 | NOTE | |||
r-release-linux-x86_64 | 1.1-2 | 67.75 | 314.14 | 381.89 | OK | |
r-release-macos-x86_64 | 1.1-2 | NOTE | ||||
r-release-windows-ix86+x86_64 | 1.1-2 | 106.00 | 437.00 | 543.00 | OK | |
r-oldrel-macos-x86_64 | 1.1-2 | NOTE | ||||
r-oldrel-windows-ix86+x86_64 | 1.1-2 | 82.00 | 418.00 | 500.00 | OK |
Version: 1.1-2
Check: dependencies in R code
Result: NOTE
Namespace in Imports field not imported from: ‘raster’
All declared Imports should be used.
Flavors: r-devel-linux-x86_64-fedora-clang, r-devel-linux-x86_64-fedora-gcc, r-patched-solaris-x86, r-release-macos-x86_64
Version: 1.1-2
Check: dependencies in R code
Result: NOTE
No protocol specified
No protocol specified
Namespace in Imports field not imported from: ‘raster’
All declared Imports should be used.
Flavor: r-oldrel-macos-x86_64