CRAN Package Check Results for Package ballr

Last updated on 2019-06-19 19:46:28 CEST.

Flavor Version Tinstall Tcheck Ttotal Status Flags
r-devel-linux-x86_64-debian-clang 0.2.3 2.00 55.08 57.08 OK
r-devel-linux-x86_64-debian-gcc 0.2.3 1.64 50.34 51.98 OK
r-devel-linux-x86_64-fedora-clang 0.2.3 58.83 OK
r-devel-linux-x86_64-fedora-gcc 0.2.3 63.55 OK
r-devel-windows-ix86+x86_64 0.2.3 10.00 138.00 148.00 OK
r-patched-linux-x86_64 0.2.3 1.97 56.17 58.14 OK
r-patched-solaris-x86 0.2.3 72.40 WARN
r-release-linux-x86_64 0.2.3 1.99 59.81 61.80 OK
r-release-windows-ix86+x86_64 0.2.3 11.00 125.00 136.00 OK
r-release-osx-x86_64 0.2.3 OK
r-oldrel-windows-ix86+x86_64 0.2.3 3.00 119.00 122.00 OK
r-oldrel-osx-x86_64 0.2.3 OK

Check Details

Version: 0.2.3
Check: re-building of vignette outputs
Result: WARN
    Error(s) in re-building vignettes:
     ...
    --- re-building ‘use-ballr.Rmd’ using rmarkdown
    Warning in engine$weave(file, quiet = quiet, encoding = enc) :
     Pandoc (>= 1.12.3) and/or pandoc-citeproc not available. Falling back to R Markdown v1.
    
    Attaching package: 'janitor'
    
    The following objects are masked from 'package:stats':
    
     chisq.test, fisher.test
    
    Quitting from lines 62-63 (use-ballr.Rmd)
    Error: processing vignette 'use-ballr.Rmd' failed with diagnostics:
    Timeout was reached: Resolving timed out after 10000 milliseconds
    --- failed re-building ‘use-ballr.Rmd’
    
    SUMMARY: processing the following file failed:
     ‘use-ballr.Rmd’
    
    Error: Vignette re-building failed.
    Execution halted
Flavor: r-patched-solaris-x86