CRAN Package Check Results for Package aws.alexa

Last updated on 2019-03-24 11:50:58 CET.

Flavor Version Tinstall Tcheck Ttotal Status Flags
r-devel-linux-x86_64-debian-clang 0.1.6 3.72 31.79 35.51 OK
r-devel-linux-x86_64-debian-gcc 0.1.6 3.03 27.37 30.40 OK
r-devel-linux-x86_64-fedora-clang 0.1.6 42.28 OK
r-devel-linux-x86_64-fedora-gcc 0.1.6 42.79 OK
r-devel-windows-ix86+x86_64 0.1.6 91.00 404.00 495.00 OK
r-patched-linux-x86_64 0.1.6 2.03 31.22 33.25 OK
r-patched-solaris-x86 0.1.6 60.10 OK
r-release-linux-x86_64 0.1.6 0.32 2.29 2.61 ERROR
r-release-windows-ix86+x86_64 0.1.6 66.00 385.00 451.00 OK
r-release-osx-x86_64 0.1.6 OK
r-oldrel-windows-ix86+x86_64 0.1.6 66.00 393.00 459.00 OK
r-oldrel-osx-x86_64 0.1.6 OK

Check Details

Version: 0.1.6
Check: whether package can be installed
Result: ERROR
    Installation failed.
Flavor: r-release-linux-x86_64