CRAN Package Check Results for Package aroma.core

Last updated on 2019-07-19 19:46:41 CEST.

Flavor Version Tinstall Tcheck Ttotal Status Flags
r-devel-linux-x86_64-debian-clang 3.2.0 25.91 150.84 176.75 NOTE
r-devel-linux-x86_64-debian-gcc 3.2.0 23.43 115.84 139.27 NOTE
r-devel-linux-x86_64-fedora-clang 3.2.0 211.74 NOTE
r-devel-linux-x86_64-fedora-gcc 3.2.0 204.61 NOTE
r-devel-windows-ix86+x86_64 3.2.0 54.00 151.00 205.00 NOTE
r-patched-linux-x86_64 3.2.0 24.71 151.87 176.58 NOTE
r-patched-solaris-x86 3.2.0 271.80 NOTE
r-release-linux-x86_64 3.2.0 23.80 152.02 175.82 NOTE
r-release-windows-ix86+x86_64 3.2.0 40.00 161.00 201.00 NOTE
r-release-osx-x86_64 3.2.0 ERROR
r-oldrel-windows-ix86+x86_64 3.2.0 33.00 198.00 231.00 NOTE
r-oldrel-osx-x86_64 3.2.0 NOTE

Check Details

Version: 3.2.0
Check: package dependencies
Result: NOTE
    Packages suggested but not available for checking:
     'sfit', 'expectile', 'HaarSeg', 'mpcbs'
Flavors: r-devel-linux-x86_64-debian-clang, r-devel-linux-x86_64-debian-gcc, r-devel-linux-x86_64-fedora-clang, r-devel-linux-x86_64-fedora-gcc, r-devel-windows-ix86+x86_64, r-patched-linux-x86_64, r-patched-solaris-x86, r-release-linux-x86_64, r-release-windows-ix86+x86_64

Version: 3.2.0
Check: package dependencies
Result: ERROR
    Package required but not available: ‘PSCBS’
    
    Packages suggested but not available for checking:
     'EBImage', 'preprocessCore', 'aroma.light', 'DNAcopy', 'GLAD',
     'sfit', 'expectile', 'HaarSeg', 'mpcbs'
    
    See section ‘The DESCRIPTION file’ in the ‘Writing R Extensions’
    manual.
Flavor: r-release-osx-x86_64

Version: 3.2.0
Check: package dependencies
Result: NOTE
    Packages suggested but not available for checking:
     'sfit' 'expectile' 'HaarSeg' 'mpcbs'
Flavor: r-oldrel-windows-ix86+x86_64

Version: 3.2.0
Check: package dependencies
Result: NOTE
    Packages suggested but not available for checking:
     ‘GLAD’ ‘sfit’ ‘expectile’ ‘HaarSeg’ ‘mpcbs’
Flavor: r-oldrel-osx-x86_64

Version: 3.2.0
Check: Rd cross-references
Result: NOTE
    Package unavailable to check Rd xrefs: ‘GLAD’
Flavor: r-oldrel-osx-x86_64