CRAN Package Check Results for Package ar.matrix

Last updated on 2019-06-26 07:49:01 CEST.

Flavor Version Tinstall Tcheck Ttotal Status Flags
r-devel-linux-x86_64-debian-clang 0.1.0 1.95 27.11 29.06 OK
r-devel-linux-x86_64-debian-gcc 0.1.0 1.59 21.46 23.05 OK
r-devel-linux-x86_64-fedora-clang 0.1.0 35.00 NOTE
r-devel-linux-x86_64-fedora-gcc 0.1.0 33.10 NOTE
r-devel-windows-ix86+x86_64 0.1.0 6.00 46.00 52.00 OK
r-patched-linux-x86_64 0.1.0 2.03 26.42 28.45 OK
r-patched-solaris-x86 0.1.0 53.50 NOTE
r-release-linux-x86_64 0.1.0 1.92 26.40 28.32 OK
r-release-windows-ix86+x86_64 0.1.0 4.00 48.00 52.00 OK
r-release-osx-x86_64 0.1.0 NOTE
r-oldrel-windows-ix86+x86_64 0.1.0 2.00 39.00 41.00 OK
r-oldrel-osx-x86_64 0.1.0 NOTE

Check Details

Version: 0.1.0
Check: dependencies in R code
Result: NOTE
    Namespace in Imports field not imported from: ‘sp’
     All declared Imports should be used.
Flavors: r-devel-linux-x86_64-fedora-clang, r-devel-linux-x86_64-fedora-gcc, r-patched-solaris-x86, r-release-osx-x86_64, r-oldrel-osx-x86_64