CRAN Package Check Results for Package ar.matrix

Last updated on 2019-09-24 07:48:29 CEST.

Flavor Version Tinstall Tcheck Ttotal Status Flags
r-devel-linux-x86_64-debian-clang 0.1.0 2.33 26.50 28.83 OK
r-devel-linux-x86_64-debian-gcc 0.1.0 1.92 21.05 22.97 OK
r-devel-linux-x86_64-fedora-clang 0.1.0 35.60 NOTE
r-devel-linux-x86_64-fedora-gcc 0.1.0 34.36 NOTE
r-devel-windows-ix86+x86_64 0.1.0 7.00 60.00 67.00 OK
r-patched-linux-x86_64 0.1.0 1.91 26.30 28.21 OK
r-patched-solaris-x86 0.1.0 52.80 NOTE
r-release-linux-x86_64 0.1.0 2.01 26.01 28.02 OK
r-release-windows-ix86+x86_64 0.1.0 7.00 63.00 70.00 OK
r-release-osx-x86_64 0.1.0 NOTE
r-oldrel-windows-ix86+x86_64 0.1.0 3.00 43.00 46.00 OK
r-oldrel-osx-x86_64 0.1.0 NOTE

Check Details

Version: 0.1.0
Check: dependencies in R code
Result: NOTE
    Namespace in Imports field not imported from: ‘sp’
     All declared Imports should be used.
Flavors: r-devel-linux-x86_64-fedora-clang, r-devel-linux-x86_64-fedora-gcc, r-patched-solaris-x86, r-release-osx-x86_64, r-oldrel-osx-x86_64