CRAN Package Check Results for Package apdesign

Last updated on 2019-03-24 11:50:57 CET.

Flavor Version Tinstall Tcheck Ttotal Status Flags
r-devel-linux-x86_64-debian-clang 1.0.0 1.43 20.85 22.28 OK
r-devel-linux-x86_64-debian-gcc 1.0.0 1.32 17.17 18.49 OK
r-devel-linux-x86_64-fedora-clang 1.0.0 27.38 OK
r-devel-linux-x86_64-fedora-gcc 1.0.0 25.82 OK
r-devel-windows-ix86+x86_64 1.0.0 6.00 82.00 88.00 OK
r-patched-linux-x86_64 1.0.0 0.83 19.63 20.46 OK
r-patched-solaris-x86 1.0.0 40.30 OK
r-release-linux-x86_64 1.0.0 0.32 1.87 2.19 ERROR
r-release-windows-ix86+x86_64 1.0.0 2.00 32.00 34.00 OK
r-release-osx-x86_64 1.0.0 OK
r-oldrel-windows-ix86+x86_64 1.0.0 2.00 34.00 36.00 OK
r-oldrel-osx-x86_64 1.0.0 OK

Check Details

Version: 1.0.0
Check: whether package can be installed
Result: ERROR
    Installation failed.
Flavor: r-release-linux-x86_64