CRAN Package Check Results for Package anchoredDistr

Last updated on 2019-03-24 11:50:57 CET.

Flavor Version Tinstall Tcheck Ttotal Status Flags
r-devel-linux-x86_64-debian-clang 1.0.3 9.46 117.18 126.64 OK
r-devel-linux-x86_64-debian-gcc 1.0.3 8.91 92.84 101.75 OK
r-devel-linux-x86_64-fedora-clang 1.0.3 153.52 OK
r-devel-linux-x86_64-fedora-gcc 1.0.3 146.89 OK
r-devel-windows-ix86+x86_64 1.0.3 28.00 174.00 202.00 OK
r-patched-linux-x86_64 1.0.3 7.46 115.00 122.46 OK
r-patched-solaris-x86 1.0.3 231.60 OK
r-release-linux-x86_64 1.0.3 0.59 2.24 2.83 ERROR
r-release-windows-ix86+x86_64 1.0.3 13.00 145.00 158.00 OK
r-release-osx-x86_64 1.0.3 OK
r-oldrel-windows-ix86+x86_64 1.0.3 13.00 157.00 170.00 OK
r-oldrel-osx-x86_64 1.0.3 OK

Check Details

Version: 1.0.3
Check: whether package can be installed
Result: ERROR
    Installation failed.
Flavor: r-release-linux-x86_64