CRAN Package Check Results for Package analysisPipelines

Last updated on 2019-09-24 07:48:29 CEST.

Flavor Version Tinstall Tcheck Ttotal Status Flags
r-devel-linux-x86_64-debian-clang 1.0.0 10.78 82.85 93.63 OK
r-devel-linux-x86_64-debian-gcc 1.0.0 7.98 64.12 72.10 OK
r-devel-linux-x86_64-fedora-clang 1.0.0 110.81 NOTE
r-devel-linux-x86_64-fedora-gcc 1.0.0 109.35 NOTE
r-devel-windows-ix86+x86_64 1.0.0 25.00 140.00 165.00 OK
r-patched-linux-x86_64 1.0.0 8.82 78.58 87.40 OK
r-patched-solaris-x86 1.0.0 143.50 NOTE
r-release-linux-x86_64 1.0.0 8.63 79.22 87.85 OK
r-release-windows-ix86+x86_64 1.0.0 25.00 132.00 157.00 OK
r-release-osx-x86_64 1.0.0 NOTE
r-oldrel-windows-ix86+x86_64 1.0.0 50.00 81.00 131.00 OK
r-oldrel-osx-x86_64 1.0.0 NOTE

Check Details

Version: 1.0.0
Check: dependencies in R code
Result: NOTE
    Namespace in Imports field not imported from: ‘devtools’
     All declared Imports should be used.
Flavors: r-devel-linux-x86_64-fedora-clang, r-devel-linux-x86_64-fedora-gcc, r-patched-solaris-x86, r-release-osx-x86_64, r-oldrel-osx-x86_64