CRAN Package Check Results for Package akmedoids

Last updated on 2019-08-18 19:51:54 CEST.

Flavor Version Tinstall Tcheck Ttotal Status Flags
r-devel-linux-x86_64-debian-clang 0.1.2 12.42 110.44 122.86 OK
r-devel-linux-x86_64-debian-gcc 0.1.2 10.71 86.25 96.96 OK
r-devel-linux-x86_64-fedora-clang 0.1.2 146.68 OK
r-devel-linux-x86_64-fedora-gcc 0.1.2 138.34 OK
r-devel-windows-ix86+x86_64 0.1.2 44.00 178.00 222.00 OK
r-patched-linux-x86_64 0.1.2 12.57 108.71 121.28 OK
r-patched-solaris-x86 0.1.2 235.80 OK
r-release-linux-x86_64 0.1.2 10.02 107.71 117.73 OK
r-release-windows-ix86+x86_64 0.1.2 35.00 113.00 148.00 OK
r-release-osx-x86_64 0.1.2 WARN
r-oldrel-windows-ix86+x86_64 0.1.2 28.00 175.00 203.00 OK
r-oldrel-osx-x86_64 0.1.2 WARN

Check Details

Version: 0.1.2
Check: whether package can be installed
Result: WARN
    Found the following significant warnings:
     Warning: 'rgl_init' failed, running with rgl.useNULL = TRUE
Flavors: r-release-osx-x86_64, r-oldrel-osx-x86_64