CRAN Package Check Results for Package akmedoids

Last updated on 2019-06-17 07:48:44 CEST.

Flavor Version Tinstall Tcheck Ttotal Status Flags
r-devel-linux-x86_64-debian-clang 0.1.2 11.57 110.62 122.19 OK
r-devel-linux-x86_64-debian-gcc 0.1.2 9.83 86.76 96.59 OK
r-devel-linux-x86_64-fedora-clang 0.1.2 147.20 OK
r-devel-linux-x86_64-fedora-gcc 0.1.2 138.73 OK
r-devel-windows-ix86+x86_64 0.1.2 49.00 180.00 229.00 OK
r-patched-linux-x86_64 0.1.2 9.78 108.50 118.28 OK
r-patched-solaris-x86 0.1.2 232.50 OK
r-release-linux-x86_64 0.1.2 11.32 107.93 119.25 OK
r-release-windows-ix86+x86_64 0.1.2 31.00 176.00 207.00 OK
r-release-osx-x86_64 0.1.2 WARN
r-oldrel-windows-ix86+x86_64 0.1.2 17.00 169.00 186.00 OK
r-oldrel-osx-x86_64 0.1.2 WARN

Check Details

Version: 0.1.2
Check: whether package can be installed
Result: WARN
    Found the following significant warnings:
     Warning: 'rgl_init' failed, running with rgl.useNULL = TRUE
Flavors: r-release-osx-x86_64, r-oldrel-osx-x86_64