Last updated on 2025-01-23 19:49:18 CET.
Flavor | Version | Tinstall | Tcheck | Ttotal | Status | Flags |
---|---|---|---|---|---|---|
r-devel-linux-x86_64-debian-clang | 1.0.2 | 340.95 | 218.69 | 559.64 | OK | |
r-devel-linux-x86_64-debian-gcc | 1.0.2 | 275.35 | 156.42 | 431.77 | OK | |
r-devel-linux-x86_64-fedora-clang | 1.0.2 | 873.68 | OK | |||
r-devel-linux-x86_64-fedora-gcc | 1.0.2 | 1104.59 | OK | |||
r-devel-windows-x86_64 | 1.0.2 | 305.00 | 248.00 | 553.00 | OK | |
r-patched-linux-x86_64 | 1.0.2 | 381.23 | 225.25 | 606.48 | OK | |
r-release-linux-x86_64 | 1.0.2 | 387.39 | 227.24 | 614.63 | OK | |
r-release-macos-arm64 | 1.0.2 | 226.00 | NOTE | |||
r-release-macos-x86_64 | 1.0.2 | 378.00 | NOTE | |||
r-release-windows-x86_64 | 1.0.2 | 297.00 | 246.00 | 543.00 | NOTE | |
r-oldrel-macos-arm64 | 1.0.2 | 228.00 | NOTE | |||
r-oldrel-macos-x86_64 | 1.0.2 | 341.00 | NOTE | |||
r-oldrel-windows-x86_64 | 1.0.2 | 346.00 | 320.00 | 666.00 | NOTE |
Version: 1.0.2
Check: installed package size
Result: NOTE
installed size is 151.9Mb
sub-directories of 1Mb or more:
adelie 1.2Mb
libs 149.6Mb
Flavors: r-release-macos-arm64, r-release-macos-x86_64, r-release-windows-x86_64, r-oldrel-macos-arm64, r-oldrel-macos-x86_64, r-oldrel-windows-x86_64