CRAN Package Check Results for Package acrt

Last updated on 2019-06-24 19:49:47 CEST.

Flavor Version Tinstall Tcheck Ttotal Status Flags
r-devel-linux-x86_64-debian-clang 1.0.1 54.56 26.96 81.52 OK
r-devel-linux-x86_64-debian-gcc 1.0.1 47.95 22.62 70.57 OK
r-devel-linux-x86_64-fedora-clang 1.0.1 125.61 NOTE
r-devel-linux-x86_64-fedora-gcc 1.0.1 110.67 NOTE
r-devel-windows-ix86+x86_64 1.0.1 141.00 89.00 230.00 OK
r-patched-linux-x86_64 1.0.1 54.44 27.64 82.08 OK
r-patched-solaris-x86 1.0.1 115.30 OK
r-release-linux-x86_64 1.0.1 56.55 27.73 84.28 OK
r-release-windows-ix86+x86_64 1.0.1 98.00 84.00 182.00 OK
r-release-osx-x86_64 1.0.1 NOTE
r-oldrel-windows-ix86+x86_64 1.0.1 88.00 60.00 148.00 OK
r-oldrel-osx-x86_64 1.0.1 NOTE

Check Details

Version: 1.0.1
Check: installed package size
Result: NOTE
     installed size is 6.8Mb
     sub-directories of 1Mb or more:
     libs 6.6Mb
Flavors: r-devel-linux-x86_64-fedora-clang, r-release-osx-x86_64, r-oldrel-osx-x86_64

Version: 1.0.1
Check: compiled code
Result: NOTE
    File ‘acrt/libs/acrt.so’:
     Found no calls to: ‘R_registerRoutines’, ‘R_useDynamicSymbols’
    
    It is good practice to register native routines and to disable symbol
    search.
    
    See ‘Writing portable packages’ in the ‘Writing R Extensions’ manual.
Flavors: r-devel-linux-x86_64-fedora-clang, r-devel-linux-x86_64-fedora-gcc