CRAN Package Check Results for Package WeibullR

Last updated on 2019-08-24 19:47:27 CEST.

Flavor Version Tinstall Tcheck Ttotal Status Flags
r-devel-linux-x86_64-debian-clang 1.0.10 107.54 42.19 149.73 OK
r-devel-linux-x86_64-debian-gcc 1.0.10 84.53 32.97 117.50 OK
r-devel-linux-x86_64-fedora-clang 1.0.10 226.74 NOTE
r-devel-linux-x86_64-fedora-gcc 1.0.10 221.08 OK
r-devel-windows-ix86+x86_64 1.0.10 180.00 101.00 281.00 OK
r-patched-linux-x86_64 1.0.10 94.55 42.09 136.64 OK
r-patched-solaris-x86 1.0.10 217.20 OK
r-release-linux-x86_64 1.0.10 93.02 42.22 135.24 OK
r-release-windows-ix86+x86_64 1.0.10 187.00 104.00 291.00 OK
r-release-osx-x86_64 1.0.10 OK
r-oldrel-windows-ix86+x86_64 1.0.10 248.00 100.00 348.00 OK
r-oldrel-osx-x86_64 1.0.10 OK

Check Details

Version: 1.0.10
Check: installed package size
Result: NOTE
     installed size is 5.9Mb
     sub-directories of 1Mb or more:
     libs 5.5Mb
Flavor: r-devel-linux-x86_64-fedora-clang