CRAN Package Check Results for Package WeibullR

Last updated on 2019-06-16 07:47:15 CEST.

Flavor Version Tinstall Tcheck Ttotal Status Flags
r-devel-linux-x86_64-debian-clang 1.0.10 109.54 41.71 151.25 OK
r-devel-linux-x86_64-debian-gcc 1.0.10 86.37 32.78 119.15 OK
r-devel-linux-x86_64-fedora-clang 1.0.10 222.44 NOTE
r-devel-linux-x86_64-fedora-gcc 1.0.10 202.96 OK
r-devel-windows-ix86+x86_64 1.0.10 249.00 82.00 331.00 OK
r-patched-linux-x86_64 1.0.10 101.09 42.56 143.65 OK
r-patched-solaris-x86 1.0.10 213.50 OK
r-release-linux-x86_64 1.0.10 99.23 42.31 141.54 OK
r-release-windows-ix86+x86_64 1.0.10 178.00 101.00 279.00 OK
r-release-osx-x86_64 1.0.10 OK
r-oldrel-windows-ix86+x86_64 1.0.10 165.00 91.00 256.00 OK
r-oldrel-osx-x86_64 1.0.10 OK

Check Details

Version: 1.0.10
Check: installed package size
Result: NOTE
     installed size is 5.2Mb
     sub-directories of 1Mb or more:
     libs 4.8Mb
Flavor: r-devel-linux-x86_64-fedora-clang