Last updated on 2025-01-22 08:49:31 CET.
Flavor | Version | Tinstall | Tcheck | Ttotal | Status | Flags |
---|---|---|---|---|---|---|
r-devel-linux-x86_64-debian-clang | 2.1.3.1 | 205.72 | 136.22 | 341.94 | OK | |
r-devel-linux-x86_64-debian-gcc | 2.1.3.1 | 145.18 | 85.21 | 230.39 | OK | |
r-devel-linux-x86_64-fedora-clang | 2.1.3.1 | 695.57 | OK | |||
r-devel-linux-x86_64-fedora-gcc | 2.1.3.1 | 651.29 | OK | |||
r-devel-windows-x86_64 | 2.1.3.1 | 208.00 | 172.00 | 380.00 | OK | |
r-patched-linux-x86_64 | 2.1.3.1 | 208.18 | 114.16 | 322.34 | OK | |
r-release-linux-x86_64 | 2.1.3.1 | 204.64 | 110.79 | 315.43 | OK | |
r-release-macos-arm64 | 2.1.3.1 | 140.00 | NOTE | |||
r-release-macos-x86_64 | 2.1.3.1 | 168.00 | NOTE | |||
r-release-windows-x86_64 | 2.1.3.1 | 207.00 | 175.00 | 382.00 | OK | |
r-oldrel-macos-arm64 | 2.1.3.1 | 175.00 | NOTE | |||
r-oldrel-macos-x86_64 | 2.1.3.1 | 299.00 | NOTE | |||
r-oldrel-windows-x86_64 | 2.1.3.1 | 243.00 | 205.00 | 448.00 | OK |
Version: 2.1.3.1
Check: installed package size
Result: NOTE
installed size is 8.4Mb
sub-directories of 1Mb or more:
libs 7.6Mb
Flavors: r-release-macos-arm64, r-release-macos-x86_64, r-oldrel-macos-arm64, r-oldrel-macos-x86_64