CRAN Package Check Results for Package TreeLS

Last updated on 2019-06-25 19:50:03 CEST.

Flavor Version Tinstall Tcheck Ttotal Status Flags
r-devel-linux-x86_64-debian-clang 1.0 52.39 117.02 169.41 OK
r-devel-linux-x86_64-debian-gcc 1.0 46.48 90.62 137.10 OK
r-devel-linux-x86_64-fedora-clang 1.0 217.28 NOTE
r-devel-linux-x86_64-fedora-gcc 1.0 202.88 OK
r-devel-windows-ix86+x86_64 1.0 164.00 221.00 385.00 OK
r-patched-linux-x86_64 1.0 52.52 109.27 161.79 OK
r-patched-solaris-x86 1.0 282.90 OK
r-release-linux-x86_64 1.0 51.63 109.26 160.89 OK
r-release-windows-ix86+x86_64 1.0 115.00 225.00 340.00 OK
r-release-osx-x86_64 1.0 WARN
r-oldrel-windows-ix86+x86_64 1.0 99.00 150.00 249.00 OK
r-oldrel-osx-x86_64 1.0 NOTE

Additional issues

valgrind

Check Details

Version: 1.0
Check: installed package size
Result: NOTE
     installed size is 13.3Mb
     sub-directories of 1Mb or more:
     extdata 1.4Mb
     libs 11.7Mb
Flavors: r-devel-linux-x86_64-fedora-clang, r-release-osx-x86_64, r-oldrel-osx-x86_64

Version: 1.0
Check: whether package can be installed
Result: WARN
    Found the following significant warnings:
     Warning: 'rgl_init' failed, running with rgl.useNULL = TRUE
Flavor: r-release-osx-x86_64