CRAN Package Check Results for Package TreeLS

Last updated on 2019-09-24 07:48:49 CEST.

Flavor Version Tinstall Tcheck Ttotal Status Flags
r-devel-linux-x86_64-debian-clang 1.0 52.82 115.51 168.33 OK
r-devel-linux-x86_64-debian-gcc 1.0 46.58 90.12 136.70 OK
r-devel-linux-x86_64-fedora-clang 1.0 222.05 NOTE
r-devel-linux-x86_64-fedora-gcc 1.0 216.38 OK
r-devel-windows-ix86+x86_64 1.0 116.00 215.00 331.00 OK
r-patched-linux-x86_64 1.0 53.57 109.00 162.57 OK
r-patched-solaris-x86 1.0 229.70 OK
r-release-linux-x86_64 1.0 54.92 108.64 163.56 OK
r-release-windows-ix86+x86_64 1.0 164.00 222.00 386.00 OK
r-release-osx-x86_64 1.0 WARN
r-oldrel-windows-ix86+x86_64 1.0 100.00 149.00 249.00 OK
r-oldrel-osx-x86_64 1.0 NOTE

Additional issues

valgrind

Check Details

Version: 1.0
Check: installed package size
Result: NOTE
     installed size is 13.6Mb
     sub-directories of 1Mb or more:
     extdata 1.4Mb
     libs 12.0Mb
Flavors: r-devel-linux-x86_64-fedora-clang, r-release-osx-x86_64, r-oldrel-osx-x86_64

Version: 1.0
Check: whether package can be installed
Result: WARN
    Found the following significant warnings:
     Warning: 'rgl_init' failed, running with rgl.useNULL = TRUE
Flavor: r-release-osx-x86_64