CRAN Package Check Results for Package TooManyCellsR

Last updated on 2019-10-20 06:47:07 CEST.

Flavor Version Tinstall Tcheck Ttotal Status Flags
r-devel-linux-x86_64-debian-clang 0.1.1.0 1.91 19.52 21.43 OK
r-devel-linux-x86_64-debian-gcc 0.1.1.0 1.39 15.99 17.38 OK
r-devel-linux-x86_64-fedora-clang 0.1.1.0 26.43 NOTE
r-devel-linux-x86_64-fedora-gcc 0.1.1.0 27.28 NOTE
r-devel-windows-ix86+x86_64 0.1.1.0 5.00 33.00 38.00 OK
r-patched-linux-x86_64 0.1.1.0 1.43 19.26 20.69 OK
r-patched-solaris-x86 0.1.1.0 41.20 NOTE
r-release-linux-x86_64 0.1.1.0 1.46 19.33 20.79 OK
r-release-windows-ix86+x86_64 0.1.1.0 4.00 29.00 33.00 OK
r-release-osx-x86_64 0.1.1.0 NOTE
r-oldrel-windows-ix86+x86_64 0.1.1.0 3.00 31.00 34.00 OK
r-oldrel-osx-x86_64 0.1.1.0 NOTE

Check Details

Version: 0.1.1.0
Check: dependencies in R code
Result: NOTE
    Namespaces in Imports field not imported from:
     ‘cowplot’ ‘ggplot2’ ‘jsonlite’
     All declared Imports should be used.
Flavors: r-devel-linux-x86_64-fedora-clang, r-devel-linux-x86_64-fedora-gcc, r-patched-solaris-x86, r-release-osx-x86_64, r-oldrel-osx-x86_64