CRAN Package Check Results for Package TDA

Last updated on 2019-06-20 05:48:47 CEST.

Flavor Version Tinstall Tcheck Ttotal Status Flags
r-devel-linux-x86_64-debian-clang 1.6.5 108.85 85.20 194.05 OK
r-devel-linux-x86_64-debian-gcc 1.6.5 96.51 66.27 162.78 OK
r-devel-linux-x86_64-fedora-clang 1.6.5 270.10 NOTE
r-devel-linux-x86_64-fedora-gcc 1.6.5 247.96 NOTE
r-devel-windows-ix86+x86_64 1.6.5 237.00 205.00 442.00 OK
r-patched-linux-x86_64 1.6.5 109.17 86.27 195.44 OK
r-patched-solaris-x86 1.6.5 270.60 NOTE
r-release-linux-x86_64 1.6.5 114.43 85.57 200.00 OK
r-release-windows-ix86+x86_64 1.6.5 238.00 199.00 437.00 OK
r-release-osx-x86_64 1.6.5 NOTE
r-oldrel-windows-ix86+x86_64 1.6.5 175.00 204.00 379.00 OK
r-oldrel-osx-x86_64 1.6.5 NOTE

Check Details

Version: 1.6.5
Check: installed package size
Result: NOTE
     installed size is 31.0Mb
     sub-directories of 1Mb or more:
     libs 29.7Mb
Flavors: r-devel-linux-x86_64-fedora-clang, r-release-osx-x86_64, r-oldrel-osx-x86_64

Version: 1.6.5
Check: dependencies in R code
Result: NOTE
    Namespace in Imports field not imported from: ‘scales’
     All declared Imports should be used.
Flavors: r-devel-linux-x86_64-fedora-clang, r-devel-linux-x86_64-fedora-gcc, r-patched-solaris-x86, r-release-osx-x86_64, r-oldrel-osx-x86_64