CRAN Package Check Results for Package TDA

Last updated on 2019-09-22 07:48:29 CEST.

Flavor Version Tinstall Tcheck Ttotal Status Flags
r-devel-linux-x86_64-debian-clang 1.6.5 105.48 81.14 186.62 OK
r-devel-linux-x86_64-debian-gcc 1.6.5 101.75 63.28 165.03 OK
r-devel-linux-x86_64-fedora-clang 1.6.5 263.81 WARN
r-devel-linux-x86_64-fedora-gcc 1.6.5 284.34 NOTE
r-devel-windows-ix86+x86_64 1.6.5 248.00 155.00 403.00 OK
r-patched-linux-x86_64 1.6.5 100.96 81.97 182.93 OK
r-patched-solaris-x86 1.6.5 269.30 NOTE
r-release-linux-x86_64 1.6.5 108.84 81.72 190.56 OK
r-release-windows-ix86+x86_64 1.6.5 168.00 158.00 326.00 OK
r-release-osx-x86_64 1.6.5 NOTE
r-oldrel-windows-ix86+x86_64 1.6.5 173.00 153.00 326.00 OK
r-oldrel-osx-x86_64 1.6.5 NOTE

Check Details

Version: 1.6.5
Check: whether package can be installed
Result: WARN
    Found the following significant warnings:
     ./topology/simplex.hpp:36:63: warning: 'bind2nd<std::__1::not_equal_to<unsigned int>, unsigned int>' is deprecated [-Wdeprecated-declarations]
     ./topology/simplex.hpp:37:63: warning: 'bind2nd<std::__1::not_equal_to<unsigned int>, unsigned int>' is deprecated [-Wdeprecated-declarations]
Flavor: r-devel-linux-x86_64-fedora-clang

Version: 1.6.5
Check: installed package size
Result: NOTE
     installed size is 31.8Mb
     sub-directories of 1Mb or more:
     libs 30.5Mb
Flavors: r-devel-linux-x86_64-fedora-clang, r-release-osx-x86_64, r-oldrel-osx-x86_64

Version: 1.6.5
Check: dependencies in R code
Result: NOTE
    Namespace in Imports field not imported from: ‘scales’
     All declared Imports should be used.
Flavors: r-devel-linux-x86_64-fedora-clang, r-devel-linux-x86_64-fedora-gcc, r-patched-solaris-x86, r-release-osx-x86_64, r-oldrel-osx-x86_64