CRAN Package Check Results for Package SymbolicDeterminants

Last updated on 2025-01-19 19:48:32 CET.

Flavor Version Tinstall Tcheck Ttotal Status Flags
r-devel-linux-x86_64-debian-clang 2.0.0 2.92 27.51 30.43 OK
r-devel-linux-x86_64-debian-gcc 2.0.0 2.12 21.14 23.26 OK
r-devel-linux-x86_64-fedora-clang 2.0.0 50.50 OK
r-devel-linux-x86_64-fedora-gcc 2.0.0 64.18 OK
r-devel-windows-x86_64 2.0.0 4.00 51.00 55.00 OK
r-patched-linux-x86_64 2.0.0 3.00 25.88 28.88 NOTE
r-release-linux-x86_64 2.0.0 2.67 26.31 28.98 NOTE
r-release-macos-arm64 2.0.0 22.00 NOTE
r-release-macos-x86_64 2.0.0 33.00 NOTE
r-release-windows-x86_64 2.0.0 6.00 50.00 56.00 NOTE
r-oldrel-macos-arm64 2.0.0 23.00 NOTE
r-oldrel-macos-x86_64 2.0.0 43.00 NOTE
r-oldrel-windows-x86_64 2.0.0 5.00 52.00 57.00 NOTE

Check Details

Version: 2.0.0
Check: LazyData
Result: NOTE 'LazyData' is specified without a 'data' directory Flavors: r-patched-linux-x86_64, r-release-linux-x86_64, r-release-macos-arm64, r-release-macos-x86_64, r-release-windows-x86_64, r-oldrel-macos-arm64, r-oldrel-macos-x86_64, r-oldrel-windows-x86_64