CRAN Package Check Results for Package StepReg

Last updated on 2019-06-16 07:47:12 CEST.

Flavor Version Tinstall Tcheck Ttotal Status Flags
r-devel-linux-x86_64-debian-clang 1.2.0 38.46 22.83 61.29 OK
r-devel-linux-x86_64-debian-gcc 1.2.0 34.13 19.85 53.98 OK
r-devel-linux-x86_64-fedora-clang 1.2.0 90.12 NOTE
r-devel-linux-x86_64-fedora-gcc 1.2.0 82.61 OK
r-devel-windows-ix86+x86_64 1.2.0 81.00 56.00 137.00 OK
r-patched-linux-x86_64 1.2.0 42.82 23.99 66.81 OK
r-patched-solaris-x86 1.2.0 95.70 OK
r-release-linux-x86_64 1.2.0 39.93 23.88 63.81 OK
r-release-windows-ix86+x86_64 1.2.0 65.00 74.00 139.00 OK
r-release-osx-x86_64 1.2.0 NOTE
r-oldrel-windows-ix86+x86_64 1.2.0 63.00 70.00 133.00 OK
r-oldrel-osx-x86_64 1.2.0 NOTE

Additional issues

valgrind

Check Details

Version: 1.2.0
Check: installed package size
Result: NOTE
     installed size is 12.3Mb
     sub-directories of 1Mb or more:
     libs 12.1Mb
Flavors: r-devel-linux-x86_64-fedora-clang, r-release-osx-x86_64, r-oldrel-osx-x86_64