CRAN Package Check Results for Package StepReg

Last updated on 2020-07-04 19:47:51 CEST.

Flavor Version Tinstall Tcheck Ttotal Status Flags
r-devel-linux-x86_64-debian-clang 1.4.1 45.88 31.16 77.04 OK
r-devel-linux-x86_64-debian-gcc 1.4.1 35.23 25.83 61.06 OK
r-devel-linux-x86_64-fedora-clang 1.4.1 113.49 NOTE
r-devel-linux-x86_64-fedora-gcc 1.4.1 99.74 OK
r-devel-windows-ix86+x86_64 1.4.1 106.00 95.00 201.00 OK
r-patched-linux-x86_64 1.4.1 39.50 32.95 72.45 OK
r-patched-solaris-x86 1.4.1 105.00 OK
r-release-linux-x86_64 1.4.1 39.50 33.00 72.50 OK
r-release-osx-x86_64 1.4.1 NOTE
r-release-windows-ix86+x86_64 1.4.1 76.00 70.00 146.00 OK
r-oldrel-osx-x86_64 1.4.1 NOTE
r-oldrel-windows-ix86+x86_64 1.4.1 75.00 78.00 153.00 OK

Check Details

Version: 1.4.1
Check: installed package size
Result: NOTE
     installed size is 12.7Mb
     sub-directories of 1Mb or more:
     libs 12.5Mb
Flavors: r-devel-linux-x86_64-fedora-clang, r-release-osx-x86_64, r-oldrel-osx-x86_64