CRAN Package Check Results for Package SpatioTemporal

Last updated on 2018-10-17 12:52:22 CEST.

Flavor Version Tinstall Tcheck Ttotal Status Flags
r-devel-linux-x86_64-debian-clang 1.1.9 14.33 261.71 276.04 OK
r-devel-linux-x86_64-debian-gcc 1.1.9 12.34 201.75 214.09 OK
r-devel-linux-x86_64-fedora-clang 1.1.9 332.38 OK
r-devel-linux-x86_64-fedora-gcc 1.1.9 326.09 OK
r-devel-windows-ix86+x86_64 1.1.9 39.00 140.00 179.00 OK --no-vignettes
r-patched-linux-x86_64 1.1.9 11.42 245.29 256.71 OK
r-patched-solaris-x86 1.1.9 591.80 OK
r-release-linux-x86_64 1.1.9 12.72 243.55 256.27 OK
r-release-windows-ix86+x86_64 1.1.9 28.00 197.00 225.00 OK --no-vignettes
r-release-osx-x86_64 1.1.9 OK
r-oldrel-windows-ix86+x86_64 1.1.7 19.00 202.00 221.00 WARN --no-vignettes
r-oldrel-osx-x86_64 1.1.9 ERROR

Check Details

Version: 1.1.7
Flags: --no-vignettes
Check: R code for possible problems
Result: NOTE
    MCMC.STmodel: no visible global function definition for 'rnorm'
    MCMC.STmodel: no visible global function definition for 'runif'
    SVDsmooth : <anonymous>: no visible global function definition for
     'smooth.spline'
    SVDsmooth : <anonymous>: no visible global function definition for 'sd'
    SVDsmoothCV: no visible global function definition for 'lm'
    SVDsmoothCV: no visible global function definition for 'extractAIC'
    SVDsmoothCV: no visible binding for global variable 'weighted.mean'
    SVDsmoothCV: no visible global function definition for 'weighted.mean'
    boxplot.SVDcv: no visible global function definition for 'par'
    createLUR: no visible global function definition for 'model.matrix'
    createSTmodel: no visible binding for global variable 'sd'
    detrendSTdata: no visible binding for global variable 'lm'
    estimate.STmodel: no visible global function definition for 'optim'
    estimateBetaFields: no visible global function definition for 'lm'
    estimateBetaFields: no visible global function definition for
     'coefficients'
    estimateBetaFields: no visible global function definition for 'vcov'
    internalCreateTrendFnc : trend.fnc: no visible global function
     definition for 'spline'
    internalPlotPredictions: no visible global function definition for
     'qnorm'
    internalPlotPredictions: no visible global function definition for
     'polygon'
    internalPlotPredictions: no visible global function definition for
     'lines'
    internalPlotPredictions: no visible global function definition for
     'points'
    internalPlotPredictions: no visible global function definition for
     'abline'
    internalQQnormPlot: no visible global function definition for 'abline'
    internalQQnormPlot: no visible global function definition for 'qqline'
    internalScatterPlot: no visible global function definition for 'points'
    internalScatterPlot: no visible binding for global variable
     'loess.smooth'
    internalScatterPlot: no visible global function definition for 'lines'
    internalSummaryPredCVSTmodel: no visible global function definition for
     'var'
    internalSummaryPredCVSTmodel: no visible global function definition for
     'qnorm'
    plot.STdata: no visible global function definition for 'lm'
    plot.STdata: no visible binding for global variable 'na.pass'
    plot.STdata: no visible binding for global variable 'acf'
    plot.STdata: no visible binding for global variable 'pacf'
    plot.STdata: no visible global function definition for 'points'
    plot.STdata: no visible global function definition for 'lines'
    plot.STdata: no visible global function definition for 'legend'
    plot.SVDcv: no visible global function definition for 'par'
    plot.SVDcv: no visible global function definition for 'lines'
    plot.SVDcv : <anonymous>: no visible global function definition for
     'points'
    plot.SVDcv : <anonymous>: no visible global function definition for
     'abline'
    plot.density.mcmcSTmodel: no visible global function definition for
     'dnorm'
    plot.density.mcmcSTmodel: no visible global function definition for
     'lines'
    plot.mcmcSTmodel: no visible global function definition for 'lines'
    predictNaive: no visible global function definition for 'lm'
    print.predictSTmodel: no visible global function definition for 'str'
    processLUR: no visible global function definition for 'as.formula'
    simulate.STmodel: no visible global function definition for 'rnorm'
    updateCovf: no visible global function definition for 'as.formula'
    updateCovf: no visible global function definition for 'model.frame'
    updateCovf: no visible global function definition for 'model.matrix'
    updateCovf : <anonymous>: no visible global function definition for
     'model.matrix'
    Undefined global functions or variables:
     abline acf as.formula coefficients dnorm extractAIC legend lines lm
     loess.smooth model.frame model.matrix na.pass optim pacf par points
     polygon qnorm qqline rnorm runif sd smooth.spline spline str var vcov
     weighted.mean
    Consider adding
     importFrom("graphics", "abline", "legend", "lines", "par", "points",
     "polygon")
     importFrom("stats", "acf", "as.formula", "coefficients", "dnorm",
     "extractAIC", "lm", "loess.smooth", "model.frame",
     "model.matrix", "na.pass", "optim", "pacf", "qnorm",
     "qqline", "rnorm", "runif", "sd", "smooth.spline", "spline",
     "var", "vcov", "weighted.mean")
     importFrom("utils", "str")
    to your NAMESPACE file.
Flavor: r-oldrel-windows-ix86+x86_64

Version: 1.1.7
Flags: --no-vignettes
Check: running examples for arch ‘i386’
Result: WARN
    Found the following significant warnings:
    
     Warning: 'cBind' is deprecated.
    Deprecated functions may be defunct as soon as of the next release of
    R.
    See ?Deprecated.
Flavor: r-oldrel-windows-ix86+x86_64

Version: 1.1.7
Flags: --no-vignettes
Check: running examples for arch ‘x64’
Result: WARN
    Found the following significant warnings:
    
     Warning: 'cBind' is deprecated.
    Deprecated functions may be defunct as soon as of the next release of
    R.
    See ?Deprecated.
Flavor: r-oldrel-windows-ix86+x86_64

Version: 1.1.9
Check: whether package can be installed
Result: ERROR
    Installation failed.
Flavor: r-oldrel-osx-x86_64