CRAN Package Check Results for Package SpatialEpiApp

Last updated on 2019-09-24 07:48:47 CEST.

Flavor Version Tinstall Tcheck Ttotal Status Flags
r-devel-linux-x86_64-debian-clang 0.3 2.37 19.40 21.77 NOTE
r-devel-linux-x86_64-debian-gcc 0.3 1.91 15.71 17.62 NOTE
r-devel-linux-x86_64-fedora-clang 0.3 27.70 NOTE
r-devel-linux-x86_64-fedora-gcc 0.3 27.17 NOTE
r-devel-windows-ix86+x86_64 0.3 16.00 53.00 69.00 OK
r-patched-linux-x86_64 0.3 1.61 19.52 21.13 NOTE
r-patched-solaris-x86 0.3 41.30 NOTE
r-release-linux-x86_64 0.3 1.63 19.12 20.75 NOTE
r-release-windows-ix86+x86_64 0.3 16.00 51.00 67.00 OK
r-release-osx-x86_64 0.3 NOTE
r-oldrel-windows-ix86+x86_64 0.3 5.00 33.00 38.00 OK
r-oldrel-osx-x86_64 0.3 NOTE

Check Details

Version: 0.3
Check: package dependencies
Result: NOTE
    Package suggested but not available for checking: 'INLA'
Flavors: r-devel-linux-x86_64-debian-clang, r-devel-linux-x86_64-debian-gcc, r-patched-linux-x86_64, r-patched-solaris-x86, r-release-linux-x86_64, r-release-osx-x86_64, r-oldrel-osx-x86_64

Version: 0.3
Check: dependencies in R code
Result: NOTE
    Namespaces in Imports field not imported from:
     ‘RColorBrewer’ ‘SpatialEpi’ ‘dplyr’ ‘dygraphs’ ‘ggplot2’
     ‘htmlwidgets’ ‘knitr’ ‘leaflet’ ‘mapproj’ ‘maptools’ ‘rgdal’ ‘rgeos’
     ‘rmarkdown’ ‘shinyjs’ ‘spdep’ ‘xts’
     All declared Imports should be used.
Flavors: r-devel-linux-x86_64-fedora-clang, r-devel-linux-x86_64-fedora-gcc, r-patched-solaris-x86, r-release-osx-x86_64, r-oldrel-osx-x86_64