CRAN Package Check Results for Package SpatialEpiApp

Last updated on 2019-06-26 07:49:31 CEST.

Flavor Version Tinstall Tcheck Ttotal Status Flags
r-devel-linux-x86_64-debian-clang 0.3 1.69 19.86 21.55 NOTE
r-devel-linux-x86_64-debian-gcc 0.3 1.65 16.02 17.67 NOTE
r-devel-linux-x86_64-fedora-clang 0.3 26.84 NOTE
r-devel-linux-x86_64-fedora-gcc 0.3 25.69 NOTE
r-devel-windows-ix86+x86_64 0.3 17.00 49.00 66.00 OK
r-patched-linux-x86_64 0.3 1.82 19.79 21.61 NOTE
r-patched-solaris-x86 0.3 42.30 NOTE
r-release-linux-x86_64 0.3 2.04 19.97 22.01 NOTE
r-release-windows-ix86+x86_64 0.3 9.00 35.00 44.00 OK
r-release-osx-x86_64 0.3 NOTE
r-oldrel-windows-ix86+x86_64 0.3 7.00 31.00 38.00 OK
r-oldrel-osx-x86_64 0.3 NOTE

Check Details

Version: 0.3
Check: package dependencies
Result: NOTE
    Package suggested but not available for checking: 'INLA'
Flavors: r-devel-linux-x86_64-debian-clang, r-devel-linux-x86_64-debian-gcc, r-patched-linux-x86_64, r-patched-solaris-x86, r-release-linux-x86_64, r-release-osx-x86_64, r-oldrel-osx-x86_64

Version: 0.3
Check: dependencies in R code
Result: NOTE
    Namespaces in Imports field not imported from:
     ‘RColorBrewer’ ‘SpatialEpi’ ‘dplyr’ ‘dygraphs’ ‘ggplot2’
     ‘htmlwidgets’ ‘knitr’ ‘leaflet’ ‘mapproj’ ‘maptools’ ‘rgdal’ ‘rgeos’
     ‘rmarkdown’ ‘shinyjs’ ‘spdep’ ‘xts’
     All declared Imports should be used.
Flavors: r-devel-linux-x86_64-fedora-clang, r-devel-linux-x86_64-fedora-gcc, r-patched-solaris-x86, r-release-osx-x86_64, r-oldrel-osx-x86_64