CRAN Package Check Results for Package Sleuth3

Last updated on 2019-10-20 06:47:05 CEST.

Flavor Version Tinstall Tcheck Ttotal Status Flags
r-devel-linux-x86_64-debian-clang 1.0-3 4.82 241.62 246.44 OK
r-devel-linux-x86_64-debian-gcc 1.0-3 3.89 184.97 188.86 OK
r-devel-linux-x86_64-fedora-clang 1.0-3 291.94 NOTE
r-devel-linux-x86_64-fedora-gcc 1.0-3 181.39 OK
r-devel-windows-ix86+x86_64 1.0-3 13.00 333.00 346.00 NOTE
r-patched-linux-x86_64 1.0-3 4.29 234.44 238.73 OK
r-patched-solaris-x86 1.0-3 376.30 NOTE
r-release-linux-x86_64 1.0-3 4.44 235.50 239.94 OK
r-release-windows-ix86+x86_64 1.0-3 13.00 428.00 441.00 NOTE
r-release-osx-x86_64 1.0-3 NOTE
r-oldrel-windows-ix86+x86_64 1.0-3 13.00 275.00 288.00 NOTE
r-oldrel-osx-x86_64 1.0-3 NOTE

Check Details

Version: 1.0-3
Check: installed package size
Result: NOTE
     installed size is 5.1Mb
     sub-directories of 1Mb or more:
     doc 3.7Mb
Flavors: r-devel-linux-x86_64-fedora-clang, r-devel-windows-ix86+x86_64, r-patched-solaris-x86, r-release-windows-ix86+x86_64, r-release-osx-x86_64, r-oldrel-windows-ix86+x86_64, r-oldrel-osx-x86_64