CRAN Package Check Results for Package Sleuth3

Last updated on 2019-07-19 19:46:57 CEST.

Flavor Version Tinstall Tcheck Ttotal Status Flags
r-devel-linux-x86_64-debian-clang 1.0-3 4.43 241.33 245.76 OK
r-devel-linux-x86_64-debian-gcc 1.0-3 4.07 187.12 191.19 OK
r-devel-linux-x86_64-fedora-clang 1.0-3 290.54 NOTE
r-devel-linux-x86_64-fedora-gcc 1.0-3 289.38 OK
r-devel-windows-ix86+x86_64 1.0-3 19.00 337.00 356.00 NOTE
r-patched-linux-x86_64 1.0-3 5.01 234.37 239.38 OK
r-patched-solaris-x86 1.0-3 383.20 NOTE
r-release-linux-x86_64 1.0-3 4.96 233.87 238.83 OK
r-release-windows-ix86+x86_64 1.0-3 14.00 355.00 369.00 NOTE
r-release-osx-x86_64 1.0-3 NOTE
r-oldrel-windows-ix86+x86_64 1.0-3 11.00 366.00 377.00 NOTE
r-oldrel-osx-x86_64 1.0-3 NOTE

Check Details

Version: 1.0-3
Check: installed package size
Result: NOTE
     installed size is 5.1Mb
     sub-directories of 1Mb or more:
     doc 3.7Mb
Flavors: r-devel-linux-x86_64-fedora-clang, r-devel-windows-ix86+x86_64, r-patched-solaris-x86, r-release-windows-ix86+x86_64, r-release-osx-x86_64, r-oldrel-windows-ix86+x86_64, r-oldrel-osx-x86_64