CRAN Package Check Results for Package SimRepeat

Last updated on 2019-06-24 19:50:18 CEST.

Flavor Version Tinstall Tcheck Ttotal Status Flags
r-devel-linux-x86_64-debian-clang 0.1.0 25.09 276.21 301.30 OK
r-devel-linux-x86_64-debian-gcc 0.1.0 21.02 208.65 229.67 OK
r-devel-linux-x86_64-fedora-clang 0.1.0 350.54 NOTE
r-devel-linux-x86_64-fedora-gcc 0.1.0 328.52 NOTE
r-devel-windows-ix86+x86_64 0.1.0 58.00 362.00 420.00 OK
r-patched-linux-x86_64 0.1.0 21.91 274.00 295.91 OK
r-patched-solaris-x86 0.1.0 486.10 NOTE
r-release-linux-x86_64 0.1.0 23.59 275.53 299.12 OK
r-release-windows-ix86+x86_64 0.1.0 43.00 298.00 341.00 OK
r-release-osx-x86_64 0.1.0 NOTE
r-oldrel-windows-ix86+x86_64 0.1.0 32.00 248.00 280.00 OK
r-oldrel-osx-x86_64 0.1.0 NOTE

Check Details

Version: 0.1.0
Check: dependencies in R code
Result: NOTE
    Namespaces in Imports field not imported from:
     ‘BB’ ‘MASS’ ‘ggplot2’ ‘grid’ ‘triangle’
     All declared Imports should be used.
Flavors: r-devel-linux-x86_64-fedora-clang, r-devel-linux-x86_64-fedora-gcc, r-patched-solaris-x86, r-release-osx-x86_64, r-oldrel-osx-x86_64