CRAN Package Check Results for Package SimMultiCorrData

Last updated on 2019-03-24 11:51:45 CET.

Flavor Version Tinstall Tcheck Ttotal Status Flags
r-devel-linux-x86_64-debian-clang 0.2.2 24.43 377.57 402.00 OK
r-devel-linux-x86_64-debian-gcc 0.2.2 22.14 282.73 304.87 OK
r-devel-linux-x86_64-fedora-clang 0.2.2 475.64 OK
r-devel-linux-x86_64-fedora-gcc 0.2.2 441.63 OK
r-devel-windows-ix86+x86_64 0.2.2 53.00 468.00 521.00 OK
r-patched-linux-x86_64 0.2.2 23.77 346.95 370.72 OK
r-patched-solaris-x86 0.2.2 593.80 OK
r-release-linux-x86_64 0.2.2 0.56 3.87 4.43 ERROR
r-release-windows-ix86+x86_64 0.2.2 33.00 350.00 383.00 OK
r-release-osx-x86_64 0.2.2 OK
r-oldrel-windows-ix86+x86_64 0.2.2 15.00 420.00 435.00 OK
r-oldrel-osx-x86_64 0.2.2 OK

Check Details

Version: 0.2.2
Check: whether package can be installed
Result: ERROR
    Installation failed.
Flavor: r-release-linux-x86_64