CRAN Package Check Results for Package SAM

Last updated on 2019-08-24 19:47:23 CEST.

Flavor Version Tinstall Tcheck Ttotal Status Flags
r-devel-linux-x86_64-debian-clang 1.1.2.1 64.46 39.48 103.94 OK
r-devel-linux-x86_64-debian-gcc 1.1.2.1 54.71 31.99 86.70 OK
r-devel-linux-x86_64-fedora-clang 1.1.2.1 148.42 NOTE
r-devel-linux-x86_64-fedora-gcc 1.1.2.1 150.63 OK
r-devel-windows-ix86+x86_64 1.1.2.1 97.00 156.00 253.00 OK
r-patched-linux-x86_64 1.1.2.1 61.20 40.15 101.35 OK
r-patched-solaris-x86 1.1.2.1 147.90 OK
r-release-linux-x86_64 1.1.2.1 63.15 40.10 103.25 OK
r-release-windows-ix86+x86_64 1.1.2.1 136.00 114.00 250.00 OK
r-release-osx-x86_64 1.1.2.1 NOTE
r-oldrel-windows-ix86+x86_64 1.1.2.1 136.00 107.00 243.00 OK
r-oldrel-osx-x86_64 1.1.2.1 NOTE

Check Details

Version: 1.1.2.1
Check: installed package size
Result: NOTE
     installed size is 21.0Mb
     sub-directories of 1Mb or more:
     libs 20.8Mb
Flavors: r-devel-linux-x86_64-fedora-clang, r-release-osx-x86_64, r-oldrel-osx-x86_64