CRAN Package Check Results for Package SAM

Last updated on 2019-06-16 19:52:29 CEST.

Flavor Version Tinstall Tcheck Ttotal Status Flags
r-devel-linux-x86_64-debian-clang 1.1.2 63.91 38.96 102.87 OK
r-devel-linux-x86_64-debian-gcc 1.1.2 58.67 32.39 91.06 OK
r-devel-linux-x86_64-fedora-clang 1.1.2 148.98 NOTE
r-devel-linux-x86_64-fedora-gcc 1.1.2 135.45 OK
r-devel-windows-ix86+x86_64 1.1.2 140.00 87.00 227.00 OK
r-patched-linux-x86_64 1.1.2 66.81 40.46 107.27 OK
r-patched-solaris-x86 1.1.2 144.50 OK
r-release-linux-x86_64 1.1.2 60.06 40.25 100.31 OK
r-release-windows-ix86+x86_64 1.1.2 112.00 107.00 219.00 OK
r-release-osx-x86_64 1.1.2 NOTE
r-oldrel-windows-ix86+x86_64 1.1.2 98.00 105.00 203.00 OK
r-oldrel-osx-x86_64 1.1.2 NOTE

Check Details

Version: 1.1.2
Check: installed package size
Result: NOTE
     installed size is 20.9Mb
     sub-directories of 1Mb or more:
     libs 20.8Mb
Flavors: r-devel-linux-x86_64-fedora-clang, r-release-osx-x86_64, r-oldrel-osx-x86_64