CRAN Package Check Results for Package SACOBRA

Last updated on 2019-09-24 07:48:46 CEST.

Flavor Version Tinstall Tcheck Ttotal Status Flags
r-devel-linux-x86_64-debian-clang 1.1 10.18 72.48 82.66 OK
r-devel-linux-x86_64-debian-gcc 1.1 8.33 55.08 63.41 OK
r-devel-linux-x86_64-fedora-clang 1.1 97.27 NOTE
r-devel-linux-x86_64-fedora-gcc 1.1 94.82 NOTE
r-devel-windows-ix86+x86_64 1.1 17.00 102.00 119.00 OK
r-patched-linux-x86_64 1.1 10.64 69.62 80.26 OK
r-patched-solaris-x86 1.1 116.70 NOTE
r-release-linux-x86_64 1.1 7.66 71.54 79.20 OK
r-release-windows-ix86+x86_64 1.1 18.00 105.00 123.00 OK
r-release-osx-x86_64 1.1 NOTE
r-oldrel-windows-ix86+x86_64 1.1 11.00 79.00 90.00 OK
r-oldrel-osx-x86_64 1.1 NOTE

Check Details

Version: 1.1
Check: dependencies in R code
Result: NOTE
    Namespaces in Imports field not imported from:
     ‘R6’ ‘mgcv’
     All declared Imports should be used.
Flavors: r-devel-linux-x86_64-fedora-clang, r-devel-linux-x86_64-fedora-gcc, r-patched-solaris-x86

Version: 1.1
Check: dependencies in R code
Result: NOTE
    No protocol specified
    Namespaces in Imports field not imported from:
     ‘R6’ ‘mgcv’
     All declared Imports should be used.
Flavors: r-release-osx-x86_64, r-oldrel-osx-x86_64