CRAN Package Check Results for Package Rsymphony

Last updated on 2020-07-04 19:47:46 CEST.

Flavor Version Tinstall Tcheck Ttotal Status Flags
r-devel-linux-x86_64-debian-clang 0.1-28 3.59 20.66 24.25 OK
r-devel-linux-x86_64-debian-gcc 0.1-28 2.29 16.49 18.78 OK
r-devel-linux-x86_64-fedora-clang 0.1-28 39.15 NOTE
r-devel-linux-x86_64-fedora-gcc 0.1-28 29.55 OK
r-devel-windows-ix86+x86_64 0.1-28 18.00 88.00 106.00 NOTE
r-patched-linux-x86_64 0.1-28 2.80 20.68 23.48 OK
r-release-linux-x86_64 0.1-28 2.55 20.94 23.49 OK
r-release-osx-x86_64 0.1-28 ERROR
r-release-windows-ix86+x86_64 0.1-28 13.00 65.00 78.00 NOTE
r-oldrel-osx-x86_64 0.1-28 ERROR
r-oldrel-windows-ix86+x86_64 0.1-28 12.00 84.00 96.00 NOTE

Check Details

Version: 0.1-28
Check: Rd cross-references
Result: NOTE
    Undeclared packages ‘lpSolve’, ‘Rglpk’ in Rd xrefs
Flavor: r-devel-linux-x86_64-fedora-clang

Version: 0.1-28
Check: installed package size
Result: NOTE
     installed size is 9.3Mb
     sub-directories of 1Mb or more:
     libs 9.2Mb
Flavors: r-devel-windows-ix86+x86_64, r-release-windows-ix86+x86_64, r-oldrel-windows-ix86+x86_64

Version: 0.1-28
Check: whether package can be installed
Result: ERROR
    Installation failed.
Flavors: r-release-osx-x86_64, r-oldrel-osx-x86_64