CRAN Package Check Results for Package Rsymphony

Last updated on 2019-08-18 19:52:10 CEST.

Flavor Version Tinstall Tcheck Ttotal Status Flags
r-devel-linux-x86_64-debian-clang 0.1-28 3.00 19.23 22.23 OK
r-devel-linux-x86_64-debian-gcc 0.1-28 2.34 15.77 18.11 OK
r-devel-linux-x86_64-fedora-clang 0.1-28 28.46 OK
r-devel-linux-x86_64-fedora-gcc 0.1-28 26.60 OK
r-devel-windows-ix86+x86_64 0.1-28 18.00 80.00 98.00 NOTE
r-patched-linux-x86_64 0.1-28 2.49 19.23 21.72 OK
r-release-linux-x86_64 0.1-28 2.45 19.09 21.54 OK
r-release-windows-ix86+x86_64 0.1-28 12.00 84.00 96.00 NOTE
r-release-osx-x86_64 0.1-28 ERROR
r-oldrel-windows-ix86+x86_64 0.1-28 11.00 63.00 74.00 NOTE
r-oldrel-osx-x86_64 0.1-28 ERROR

Check Details

Version: 0.1-28
Check: installed package size
Result: NOTE
     installed size is 8.8Mb
     sub-directories of 1Mb or more:
     libs 8.7Mb
Flavors: r-devel-windows-ix86+x86_64, r-release-windows-ix86+x86_64, r-oldrel-windows-ix86+x86_64

Version: 0.1-28
Check: whether package can be installed
Result: ERROR
    Installation failed.
Flavors: r-release-osx-x86_64, r-oldrel-osx-x86_64