CRAN Package Check Results for Package Rsymphony

Last updated on 2019-06-17 19:47:22 CEST.

Flavor Version Tinstall Tcheck Ttotal Status Flags
r-devel-linux-x86_64-debian-clang 0.1-28 2.74 18.73 21.47 OK
r-devel-linux-x86_64-debian-gcc 0.1-28 2.14 15.35 17.49 OK
r-devel-linux-x86_64-fedora-clang 0.1-28 26.35 OK
r-devel-linux-x86_64-fedora-gcc 0.1-28 25.06 OK
r-devel-windows-ix86+x86_64 0.1-28 12.00 67.00 79.00 NOTE
r-patched-linux-x86_64 0.1-28 2.65 18.82 21.47 OK
r-release-linux-x86_64 0.1-28 2.39 19.02 21.41 OK
r-release-windows-ix86+x86_64 0.1-28 12.00 84.00 96.00 NOTE
r-release-osx-x86_64 0.1-28 ERROR
r-oldrel-windows-ix86+x86_64 0.1-28 11.00 63.00 74.00 NOTE
r-oldrel-osx-x86_64 0.1-28 ERROR

Check Details

Version: 0.1-28
Check: installed package size
Result: NOTE
     installed size is 8.8Mb
     sub-directories of 1Mb or more:
     libs 8.7Mb
Flavors: r-devel-windows-ix86+x86_64, r-release-windows-ix86+x86_64, r-oldrel-windows-ix86+x86_64

Version: 0.1-28
Check: whether package can be installed
Result: ERROR
    Installation failed.
Flavors: r-release-osx-x86_64, r-oldrel-osx-x86_64