CRAN Package Check Results for Package Rsampletrees

Last updated on 2019-08-18 07:49:01 CEST.

Flavor Version Tinstall Tcheck Ttotal Status Flags
r-devel-linux-x86_64-debian-clang 1.0.2 105.58 85.23 190.81 WARN
r-devel-linux-x86_64-debian-gcc 1.0.2 78.02 67.12 145.14 WARN
r-devel-linux-x86_64-fedora-clang 1.0.2 292.56 NOTE
r-devel-linux-x86_64-fedora-gcc 1.0.2 259.81 WARN
r-devel-windows-ix86+x86_64 1.0.2 349.00 196.00 545.00 OK
r-patched-linux-x86_64 1.0.2 95.05 82.65 177.70 OK
r-patched-solaris-x86 1.0.2 309.10 OK
r-release-linux-x86_64 1.0.2 95.60 81.81 177.41 OK
r-release-windows-ix86+x86_64 1.0.2 329.00 148.00 477.00 OK
r-release-osx-x86_64 1.0.2 OK
r-oldrel-windows-ix86+x86_64 1.0.2 333.00 195.00 528.00 OK
r-oldrel-osx-x86_64 1.0.2 OK

Check Details

Version: 1.0.2
Check: whether package can be installed
Result: WARN
    Found the following significant warnings:
     rng.cpp:43:17: warning: ignoring return value of function declared with 'warn_unused_result' attribute [-Wunused-result]
Flavor: r-devel-linux-x86_64-debian-clang

Version: 1.0.2
Check: for non-standard things in the check directory
Result: NOTE
    Found the following files/directories:
     'EM-hapfreqs' 'EM-initial.dat' 'EM-known_haplotypes'
Flavors: r-devel-linux-x86_64-debian-clang, r-devel-linux-x86_64-debian-gcc, r-devel-linux-x86_64-fedora-clang, r-devel-linux-x86_64-fedora-gcc

Version: 1.0.2
Check: whether package can be installed
Result: WARN
    Found the following significant warnings:
     rng.cpp:43:22: warning: ignoring return value of ‘size_t fread(void*, size_t, size_t, FILE*)’, declared with attribute warn_unused_result [-Wunused-result]
Flavors: r-devel-linux-x86_64-debian-gcc, r-devel-linux-x86_64-fedora-gcc

Version: 1.0.2
Check: installed package size
Result: NOTE
     installed size is 5.1Mb
     sub-directories of 1Mb or more:
     libs 4.5Mb
Flavor: r-devel-linux-x86_64-fedora-clang