CRAN Package Check Results for Package Rsampletrees

Last updated on 2019-06-16 19:52:29 CEST.

Flavor Version Tinstall Tcheck Ttotal Status Flags
r-devel-linux-x86_64-debian-clang 1.0.2 105.36 85.98 191.34 NOTE
r-devel-linux-x86_64-debian-gcc 1.0.2 83.62 67.03 150.65 NOTE
r-devel-linux-x86_64-fedora-clang 1.0.2 285.28 NOTE
r-devel-linux-x86_64-fedora-gcc 1.0.2 250.61 NOTE
r-devel-windows-ix86+x86_64 1.0.2 335.00 152.00 487.00 OK
r-patched-linux-x86_64 1.0.2 102.71 83.11 185.82 OK
r-patched-solaris-x86 1.0.2 295.60 OK
r-release-linux-x86_64 1.0.2 99.14 83.90 183.04 OK
r-release-windows-ix86+x86_64 1.0.2 250.00 206.00 456.00 OK
r-release-osx-x86_64 1.0.2 OK
r-oldrel-windows-ix86+x86_64 1.0.2 234.00 206.00 440.00 OK
r-oldrel-osx-x86_64 1.0.2 OK

Check Details

Version: 1.0.2
Check: for non-standard things in the check directory
Result: NOTE
    Found the following files/directories:
     'EM-hapfreqs' 'EM-initial.dat' 'EM-known_haplotypes'
Flavors: r-devel-linux-x86_64-debian-clang, r-devel-linux-x86_64-debian-gcc, r-devel-linux-x86_64-fedora-clang, r-devel-linux-x86_64-fedora-gcc