CRAN Package Check Results for Package Rsampletrees

Last updated on 2020-07-04 19:47:46 CEST.

Flavor Version Tinstall Tcheck Ttotal Status Flags
r-devel-linux-x86_64-debian-clang 1.0.3 135.46 99.42 234.88 OK
r-devel-linux-x86_64-debian-gcc 1.0.3 97.94 75.96 173.90 OK
r-devel-linux-x86_64-fedora-clang 1.0.3 335.73 NOTE
r-devel-linux-x86_64-fedora-gcc 1.0.3 288.28 OK
r-devel-windows-ix86+x86_64 1.0.3 370.00 238.00 608.00 OK
r-patched-linux-x86_64 1.0.3 76.39 96.64 173.03 OK
r-patched-solaris-x86 1.0.3 309.20 OK
r-release-linux-x86_64 1.0.3 99.53 95.80 195.33 OK
r-release-osx-x86_64 1.0.3 OK
r-release-windows-ix86+x86_64 1.0.3 226.00 165.00 391.00 OK
r-oldrel-osx-x86_64 1.0.3 ERROR
r-oldrel-windows-ix86+x86_64 1.0.3 355.00 206.00 561.00 OK

Check Details

Version: 1.0.3
Check: installed package size
Result: NOTE
     installed size is 5.9Mb
     sub-directories of 1Mb or more:
     libs 5.4Mb
Flavor: r-devel-linux-x86_64-fedora-clang

Version: 1.0.3
Check: whether package can be installed
Result: ERROR
    Installation failed.
Flavor: r-oldrel-osx-x86_64