CRAN Package Check Results for Package Rpolyhedra

Last updated on 2019-05-25 13:47:10 CEST.

Flavor Version Tinstall Tcheck Ttotal Status Flags
r-devel-linux-x86_64-debian-clang 0.4.2 13.69 91.87 105.56 OK
r-devel-linux-x86_64-debian-gcc 0.4.2 12.10 71.34 83.44 OK
r-devel-linux-x86_64-fedora-clang 0.4.2 140.21 NOTE
r-devel-linux-x86_64-fedora-gcc 0.4.2 136.68 NOTE
r-devel-windows-ix86+x86_64 0.4.2 24.00 327.00 351.00 OK
r-patched-linux-x86_64 0.4.2 OK
r-patched-solaris-x86 0.4.2 181.40 NOTE
r-release-linux-x86_64 0.4.2 14.27 90.21 104.48 OK
r-release-windows-ix86+x86_64 0.4.2 54.00 287.00 341.00 OK
r-release-osx-x86_64 0.4.2 WARN
r-oldrel-windows-ix86+x86_64 0.4.2 31.00 173.00 204.00 OK
r-oldrel-osx-x86_64 0.4.2 NOTE

Check Details

Version: 0.4.2
Check: dependencies in R code
Result: NOTE
    Namespaces in Imports field not imported from:
     ‘dplyr’ ‘testthat’
     All declared Imports should be used.
Flavors: r-devel-linux-x86_64-fedora-clang, r-devel-linux-x86_64-fedora-gcc, r-patched-solaris-x86, r-release-osx-x86_64, r-oldrel-osx-x86_64

Version: 0.4.2
Check: whether package can be installed
Result: WARN
    Found the following significant warnings:
     Warning: 'rgl_init' failed, running with rgl.useNULL = TRUE
Flavor: r-release-osx-x86_64