CRAN Package Check Results for Package Rpolyhedra

Last updated on 2019-08-24 19:47:22 CEST.

Flavor Version Tinstall Tcheck Ttotal Status Flags
r-devel-linux-x86_64-debian-clang 0.4.2 16.89 90.69 107.58 OK
r-devel-linux-x86_64-debian-gcc 0.4.2 11.36 71.62 82.98 OK
r-devel-linux-x86_64-fedora-clang 0.4.2 131.26 NOTE
r-devel-linux-x86_64-fedora-gcc 0.4.2 123.45 NOTE
r-devel-windows-ix86+x86_64 0.4.2 30.00 122.00 152.00 OK
r-patched-linux-x86_64 0.4.2 12.20 89.88 102.08 OK
r-patched-solaris-x86 0.4.2 175.30 NOTE
r-release-linux-x86_64 0.4.2 15.82 88.74 104.56 OK
r-release-windows-ix86+x86_64 0.4.2 40.00 181.00 221.00 OK
r-release-osx-x86_64 0.4.2 WARN
r-oldrel-windows-ix86+x86_64 0.4.2 40.00 189.00 229.00 OK
r-oldrel-osx-x86_64 0.4.2 NOTE

Check Details

Version: 0.4.2
Check: dependencies in R code
Result: NOTE
    Namespaces in Imports field not imported from:
     ‘dplyr’ ‘testthat’
     All declared Imports should be used.
Flavors: r-devel-linux-x86_64-fedora-clang, r-devel-linux-x86_64-fedora-gcc, r-patched-solaris-x86, r-release-osx-x86_64, r-oldrel-osx-x86_64

Version: 0.4.2
Check: whether package can be installed
Result: WARN
    Found the following significant warnings:
     Warning: 'rgl_init' failed, running with rgl.useNULL = TRUE
Flavor: r-release-osx-x86_64