CRAN Package Check Results for Package Rpolyhedra

Last updated on 2019-03-24 11:51:41 CET.

Flavor Version Tinstall Tcheck Ttotal Status Flags
r-devel-linux-x86_64-debian-clang 0.4.1 13.83 87.92 101.75 OK
r-devel-linux-x86_64-debian-gcc 0.4.1 10.98 69.80 80.78 OK
r-devel-linux-x86_64-fedora-clang 0.4.1 137.54 NOTE
r-devel-linux-x86_64-fedora-gcc 0.4.1 121.51 NOTE
r-devel-windows-ix86+x86_64 0.4.1 36.00 166.00 202.00 OK
r-patched-linux-x86_64 0.4.1 14.11 89.85 103.96 OK
r-patched-solaris-x86 0.4.1 178.90 NOTE
r-release-linux-x86_64 0.4.1 0.63 3.87 4.50 ERROR
r-release-windows-ix86+x86_64 0.4.1 23.00 135.00 158.00 OK
r-release-osx-x86_64 0.4.1 NOTE
r-oldrel-windows-ix86+x86_64 0.4.1 14.00 131.00 145.00 OK
r-oldrel-osx-x86_64 0.4.1 NOTE

Check Details

Version: 0.4.1
Check: dependencies in R code
Result: NOTE
    Namespace in Imports field not imported from: ‘testthat’
     All declared Imports should be used.
Flavors: r-devel-linux-x86_64-fedora-clang, r-devel-linux-x86_64-fedora-gcc, r-patched-solaris-x86, r-release-osx-x86_64, r-oldrel-osx-x86_64

Version: 0.4.1
Check: whether package can be installed
Result: ERROR
    Installation failed.
Flavor: r-release-linux-x86_64