CRAN Package Check Results for Package Rdimtools

Last updated on 2019-09-22 19:51:29 CEST.

Flavor Version Tinstall Tcheck Ttotal Status Flags
r-devel-linux-x86_64-debian-clang 0.4.2 154.62 282.97 437.59 OK
r-devel-linux-x86_64-debian-gcc 0.4.2 125.84 215.85 341.69 OK
r-devel-linux-x86_64-fedora-clang 0.4.2 563.57 NOTE
r-devel-linux-x86_64-fedora-gcc 0.4.2 550.60 OK
r-devel-windows-ix86+x86_64 0.4.2 369.00 551.00 920.00 OK
r-patched-linux-x86_64 0.4.2 131.59 276.06 407.65 OK
r-patched-solaris-x86 0.4.2 676.00 OK
r-release-linux-x86_64 0.4.2 132.55 283.01 415.56 OK
r-release-windows-ix86+x86_64 0.4.2 376.00 520.00 896.00 OK
r-release-osx-x86_64 0.4.2 NOTE
r-oldrel-windows-ix86+x86_64 0.4.2 235.00 202.00 437.00 OK
r-oldrel-osx-x86_64 0.4.2 NOTE

Check Details

Version: 0.4.2
Check: installed package size
Result: NOTE
     installed size is 14.4Mb
     sub-directories of 1Mb or more:
     libs 12.9Mb
Flavors: r-devel-linux-x86_64-fedora-clang, r-release-osx-x86_64, r-oldrel-osx-x86_64