CRAN Package Check Results for Package Rcsdp

Last updated on 2019-06-16 07:47:06 CEST.

Flavor Version Tinstall Tcheck Ttotal Status Flags
r-devel-linux-x86_64-debian-clang 0.1.55 11.79 23.14 34.93 OK
r-devel-linux-x86_64-debian-gcc 0.1.55 8.01 18.60 26.61 OK
r-devel-linux-x86_64-fedora-clang 0.1.55 42.18 NOTE
r-devel-linux-x86_64-fedora-gcc 0.1.55 40.14 NOTE
r-devel-windows-ix86+x86_64 0.1.55 30.00 44.00 74.00 OK
r-patched-linux-x86_64 0.1.55 9.09 23.25 32.34 OK
r-patched-solaris-x86 0.1.55 77.20 OK
r-release-linux-x86_64 0.1.55 9.53 23.50 33.03 ERROR
r-release-windows-ix86+x86_64 0.1.55 29.00 58.00 87.00 OK
r-release-osx-x86_64 0.1.55 OK
r-oldrel-windows-ix86+x86_64 0.1.55 24.00 39.00 63.00 OK
r-oldrel-osx-x86_64 0.1.55 OK

Additional issues

rchk

Check Details

Version: 0.1.55
Check: compiled code
Result: NOTE
    File ‘Rcsdp/libs/Rcsdp.so’:
     Found no calls to: ‘R_registerRoutines’, ‘R_useDynamicSymbols’
    
    It is good practice to register native routines and to disable symbol
    search.
    
    See ‘Writing portable packages’ in the ‘Writing R Extensions’ manual.
Flavors: r-devel-linux-x86_64-fedora-clang, r-devel-linux-x86_64-fedora-gcc

Version: 0.1.55
Check: examples
Result: ERROR
    Running examples in ‘Rcsdp-Ex.R’ failed
    The error most likely occurred in:
    
    > base::assign(".ptime", proc.time(), pos = "CheckExEnv")
    > ### Name: csdp
    > ### Title: Solve semidefinite program with CSDP
    > ### Aliases: csdp
    > ### Keywords: optimize
    >
    > ### ** Examples
    >
    > C <- list(matrix(c(2,1,
    + 1,2),2,2,byrow=TRUE),
    + matrix(c(3,0,1,
    + 0,2,0,
    + 1,0,3),3,3,byrow=TRUE),
    + c(0,0))
    > A <- list(list(matrix(c(3,1,
    + 1,3),2,2,byrow=TRUE),
    + matrix(0,3,3),
    + c(1,0)),
    + list(matrix(0,2,2),
    + matrix(c(3,0,1,
    + 0,4,0,
    + 1,0,5),3,3,byrow=TRUE),
    + c(0,1)))
    >
    > b <- c(1,2)
    > K <- list(type=c("s","s","l"),size=c(2,3,2))
    > csdp(C,A,b,K)
    Error in csdp(C, A, b, K) :
     BLAS/LAPACK routine 'DTRTI2' gave error code -5
    Execution halted
Flavor: r-release-linux-x86_64