CRAN Package Check Results for Package Rcsdp

Last updated on 2019-08-18 19:52:09 CEST.

Flavor Version Tinstall Tcheck Ttotal Status Flags
r-devel-linux-x86_64-debian-clang 0.1.55 11.88 23.37 35.25 OK
r-devel-linux-x86_64-debian-gcc 0.1.55 8.00 18.72 26.72 OK
r-devel-linux-x86_64-fedora-clang 0.1.55 47.40 NOTE
r-devel-linux-x86_64-fedora-gcc 0.1.55 42.89 WARN
r-devel-windows-ix86+x86_64 0.1.55 53.00 54.00 107.00 OK
r-patched-linux-x86_64 0.1.55 9.18 23.22 32.40 OK
r-patched-solaris-x86 0.1.55 87.60 OK
r-release-linux-x86_64 0.1.55 9.18 23.23 32.41 OK
r-release-windows-ix86+x86_64 0.1.55 29.00 58.00 87.00 OK
r-release-osx-x86_64 0.1.55 OK
r-oldrel-windows-ix86+x86_64 0.1.55 24.00 39.00 63.00 OK
r-oldrel-osx-x86_64 0.1.55 OK

Additional issues

rchk

Check Details

Version: 0.1.55
Check: compiled code
Result: NOTE
    File ‘Rcsdp/libs/Rcsdp.so’:
     Found no calls to: ‘R_registerRoutines’, ‘R_useDynamicSymbols’
    
    It is good practice to register native routines and to disable symbol
    search.
    
    See ‘Writing portable packages’ in the ‘Writing R Extensions’ manual.
Flavors: r-devel-linux-x86_64-fedora-clang, r-devel-linux-x86_64-fedora-gcc

Version: 0.1.55
Check: whether package can be installed
Result: WARN
    Found the following significant warnings:
     initparams.c:36:7: warning: ignoring return value of ‘fscanf’, declared with attribute warn_unused_result [-Wunused-result]
     initparams.c:37:7: warning: ignoring return value of ‘fscanf’, declared with attribute warn_unused_result [-Wunused-result]
     initparams.c:38:7: warning: ignoring return value of ‘fscanf’, declared with attribute warn_unused_result [-Wunused-result]
     initparams.c:39:7: warning: ignoring return value of ‘fscanf’, declared with attribute warn_unused_result [-Wunused-result]
     initparams.c:40:7: warning: ignoring return value of ‘fscanf’, declared with attribute warn_unused_result [-Wunused-result]
     initparams.c:41:7: warning: ignoring return value of ‘fscanf’, declared with attribute warn_unused_result [-Wunused-result]
     initparams.c:42:7: warning: ignoring return value of ‘fscanf’, declared with attribute warn_unused_result [-Wunused-result]
     initparams.c:43:7: warning: ignoring return value of ‘fscanf’, declared with attribute warn_unused_result [-Wunused-result]
     initparams.c:44:7: warning: ignoring return value of ‘fscanf’, declared with attribute warn_unused_result [-Wunused-result]
     initparams.c:45:7: warning: ignoring return value of ‘fscanf’, declared with attribute warn_unused_result [-Wunused-result]
     initparams.c:46:7: warning: ignoring return value of ‘fscanf’, declared with attribute warn_unused_result [-Wunused-result]
     initparams.c:47:7: warning: ignoring return value of ‘fscanf’, declared with attribute warn_unused_result [-Wunused-result]
     initparams.c:48:7: warning: ignoring return value of ‘fscanf’, declared with attribute warn_unused_result [-Wunused-result]
     initparams.c:49:7: warning: ignoring return value of ‘fscanf’, declared with attribute warn_unused_result [-Wunused-result]
     initparams.c:50:7: warning: ignoring return value of ‘fscanf’, declared with attribute warn_unused_result [-Wunused-result]
     initparams.c:51:7: warning: ignoring return value of ‘fscanf’, declared with attribute warn_unused_result [-Wunused-result]
Flavor: r-devel-linux-x86_64-fedora-gcc