CRAN Package Check Results for Package RcppArmadillo

Last updated on 2021-04-21 04:49:10 CEST.

Flavor Version Tinstall Tcheck Ttotal Status Flags
r-devel-linux-x86_64-debian-clang 0.10.4.0.0 50.58 47.35 97.93 OK
r-devel-linux-x86_64-debian-gcc 0.10.4.0.0 32.19 36.97 69.16 OK
r-devel-linux-x86_64-fedora-clang 0.10.4.0.0 138.48 NOTE
r-devel-linux-x86_64-fedora-gcc 0.10.4.0.0 120.39 OK
r-devel-windows-ix86+x86_64 0.10.4.0.0 118.00 505.00 623.00 NOTE
r-devel-windows-x86_64-gcc10-UCRT 0.10.4.0.0 OK
r-patched-linux-x86_64 0.10.4.0.0 37.22 46.03 83.25 OK
r-patched-solaris-x86 0.10.4.0.0 271.60 NOTE
r-release-linux-x86_64 0.10.4.0.0 39.79 46.31 86.10 OK
r-release-macos-x86_64 0.10.4.0.0 NOTE
r-release-windows-ix86+x86_64 0.10.4.0.0 114.00 500.00 614.00 NOTE
r-oldrel-macos-x86_64 0.10.4.0.0 NOTE
r-oldrel-windows-ix86+x86_64 0.10.4.0.0 83.00 450.00 533.00 NOTE

Check Details

Version: 0.10.4.0.0
Check: installed package size
Result: NOTE
     installed size is 9.0Mb
     sub-directories of 1Mb or more:
     include 6.2Mb
     libs 1.7Mb
Flavors: r-devel-linux-x86_64-fedora-clang, r-devel-windows-ix86+x86_64, r-patched-solaris-x86, r-release-macos-x86_64, r-release-windows-ix86+x86_64, r-oldrel-macos-x86_64, r-oldrel-windows-ix86+x86_64