CRAN Package Check Results for Package Rcplex

Last updated on 2019-06-19 19:46:51 CEST.

Flavor Version Tinstall Tcheck Ttotal Status Flags
r-devel-linux-x86_64-debian-clang 0.3-3 1.72 21.84 23.56 OK --no-examples --no-tests --no-vignettes
r-devel-linux-x86_64-debian-gcc 0.3-3 1.66 17.64 19.30 OK --no-examples --no-tests --no-vignettes
r-devel-windows-ix86+x86_64 0.3-3 1.00 65.00 66.00 ERROR
r-patched-linux-x86_64 0.3-3 2.04 22.03 24.07 OK --no-examples --no-tests --no-vignettes
r-release-linux-x86_64 0.3-3 1.86 22.11 23.97 OK --no-examples --no-tests --no-vignettes
r-release-osx-x86_64 0.3-3 ERROR
r-oldrel-windows-ix86+x86_64 0.3-3 1.00 4.00 5.00 ERROR
r-oldrel-osx-x86_64 0.3-3 ERROR

Check Details

Version: 0.3-3
Check: whether package can be installed
Result: ERROR
    Installation failed.
Flavors: r-devel-windows-ix86+x86_64, r-release-osx-x86_64, r-oldrel-windows-ix86+x86_64, r-oldrel-osx-x86_64