CRAN Package Check Results for Package RcmdrPlugin.temis

Last updated on 2020-01-18 17:46:40 CET.

Flavor Version Tinstall Tcheck Ttotal Status Flags
r-devel-linux-x86_64-debian-clang 0.7.10 26.99 152.66 179.65 NOTE
r-devel-linux-x86_64-debian-gcc 0.7.10 20.94 115.58 136.52 NOTE
r-devel-linux-x86_64-fedora-clang 0.7.10 226.94 NOTE
r-devel-linux-x86_64-fedora-gcc 0.7.10 231.95 NOTE
r-devel-windows-ix86+x86_64 0.7.10 89.00 257.00 346.00 NOTE
r-devel-windows-ix86+x86_64-gcc8 0.7.10 52.00 234.00 286.00 NOTE
r-patched-linux-x86_64 0.7.10 23.62 134.30 157.92 NOTE
r-patched-solaris-x86 0.7.10 301.90 NOTE
r-release-linux-x86_64 0.7.10 22.34 134.47 156.81 NOTE
r-release-windows-ix86+x86_64 0.7.10 75.00 182.00 257.00 NOTE
r-release-osx-x86_64 0.7.10 NOTE
r-oldrel-windows-ix86+x86_64 0.7.10 59.00 235.00 294.00 NOTE
r-oldrel-osx-x86_64 0.7.10 NOTE

Check Details

Version: 0.7.10
Check: package dependencies
Result: NOTE
    Package suggested but not available for checking: 'ROpenOffice'
Flavors: r-devel-linux-x86_64-debian-clang, r-devel-linux-x86_64-debian-gcc, r-devel-linux-x86_64-fedora-clang, r-devel-linux-x86_64-fedora-gcc, r-devel-windows-ix86+x86_64, r-devel-windows-ix86+x86_64-gcc8, r-patched-linux-x86_64, r-patched-solaris-x86, r-release-linux-x86_64, r-release-windows-ix86+x86_64, r-release-osx-x86_64, r-oldrel-windows-ix86+x86_64, r-oldrel-osx-x86_64