CRAN Package Check Results for Package RcmdrPlugin.temis

Last updated on 2019-08-24 19:47:21 CEST.

Flavor Version Tinstall Tcheck Ttotal Status Flags
r-devel-linux-x86_64-debian-clang 0.7.10 23.66 141.24 164.90 NOTE
r-devel-linux-x86_64-debian-gcc 0.7.10 19.49 108.53 128.02 NOTE
r-devel-linux-x86_64-fedora-clang 0.7.10 200.81 NOTE
r-devel-linux-x86_64-fedora-gcc 0.7.10 196.58 NOTE
r-devel-windows-ix86+x86_64 0.7.10 50.00 266.00 316.00 NOTE
r-patched-linux-x86_64 0.7.10 23.82 137.20 161.02 NOTE
r-patched-solaris-x86 0.7.10 315.20 NOTE
r-release-linux-x86_64 0.7.10 23.41 135.50 158.91 NOTE
r-release-windows-ix86+x86_64 0.7.10 86.00 239.00 325.00 NOTE
r-release-osx-x86_64 0.7.10 NOTE
r-oldrel-windows-ix86+x86_64 0.7.10 54.00 218.00 272.00 NOTE
r-oldrel-osx-x86_64 0.7.10 NOTE

Check Details

Version: 0.7.10
Check: package dependencies
Result: NOTE
    Package suggested but not available for checking: 'ROpenOffice'
Flavors: r-devel-linux-x86_64-debian-clang, r-devel-linux-x86_64-debian-gcc, r-devel-linux-x86_64-fedora-clang, r-devel-linux-x86_64-fedora-gcc, r-devel-windows-ix86+x86_64, r-patched-linux-x86_64, r-patched-solaris-x86, r-release-linux-x86_64, r-release-windows-ix86+x86_64, r-release-osx-x86_64, r-oldrel-windows-ix86+x86_64, r-oldrel-osx-x86_64