CRAN Package Check Results for Package Rcmdr

Last updated on 2025-04-26 00:52:37 CEST.

Flavor Version Tinstall Tcheck Ttotal Status Flags
r-devel-linux-x86_64-debian-clang 2.9-5 45.06 234.95 280.01 OK
r-devel-linux-x86_64-debian-gcc 2.9-5 31.17 176.84 208.01 OK
r-devel-linux-x86_64-fedora-clang 2.9-5 510.50 OK
r-devel-linux-x86_64-fedora-gcc 2.9-5 504.42 OK
r-devel-windows-x86_64 2.9-5 37.00 252.00 289.00 OK
r-patched-linux-x86_64 2.9-5 40.37 225.93 266.30 OK
r-release-linux-x86_64 2.9-5 41.45 231.18 272.63 OK
r-release-macos-arm64 2.9-5 183.00 OK
r-release-macos-x86_64 2.9-5 265.00 OK
r-release-windows-x86_64 2.9-5 38.00 253.00 291.00 OK
r-oldrel-macos-arm64 2.9-5 116.00 NOTE
r-oldrel-macos-x86_64 2.9-5 185.00 NOTE
r-oldrel-windows-x86_64 2.9-5 49.00 265.00 314.00 NOTE

Check Details

Version: 2.9-5
Check: installed package size
Result: NOTE installed size is 9.6Mb sub-directories of 1Mb or more: R 2.0Mb doc 4.5Mb po 2.4Mb Flavors: r-oldrel-macos-arm64, r-oldrel-macos-x86_64, r-oldrel-windows-x86_64